Last updated on 2022-05-27 23:54:56 CEST.
Flavor | Version | Tinstall | Tcheck | Ttotal | Status | Flags |
---|---|---|---|---|---|---|
r-devel-linux-x86_64-debian-clang | 2.2.1-7 | 31.21 | 254.86 | 286.07 | OK | |
r-devel-linux-x86_64-debian-gcc | 2.2.1-7 | 24.48 | 186.04 | 210.52 | OK | |
r-devel-linux-x86_64-fedora-clang | 2.2.1-7 | 373.28 | OK | |||
r-devel-linux-x86_64-fedora-gcc | 2.2.1-7 | 379.35 | OK | |||
r-devel-windows-x86_64 | 2.2.1-7 | 60.00 | 91.00 | 151.00 | OK | --no-examples --no-tests --no-vignettes |
r-patched-linux-x86_64 | 2.2.1-7 | 30.01 | 245.66 | 275.67 | OK | |
r-release-linux-x86_64 | 2.2.1-7 | 28.92 | 245.21 | 274.13 | OK | |
r-release-macos-arm64 | 2.2.1-7 | 188.00 | OK | |||
r-release-macos-x86_64 | 2.2.1-7 | 177.00 | NOTE | |||
r-release-windows-x86_64 | 2.2.1-7 | 86.00 | 92.00 | 178.00 | OK | --no-examples --no-tests --no-vignettes |
r-oldrel-macos-arm64 | 2.2.1-7 | 201.00 | OK | |||
r-oldrel-macos-x86_64 | 2.2.1-7 | 256.00 | OK | |||
r-oldrel-windows-ix86+x86_64 | 2.2.1-7 | 62.00 | 100.00 | 162.00 | OK | --no-examples --no-tests --no-vignettes |
Version: 2.2.1-7
Check: package dependencies
Result: NOTE
Package suggested but not available for checking: ‘rjags’
Flavor: r-release-macos-x86_64
Version: 2.2.1-7
Check: Rd cross-references
Result: NOTE
Package unavailable to check Rd xrefs: ‘rjags’
Flavor: r-release-macos-x86_64