CRAN Package Check Results for Package ruin

Last updated on 2023-03-27 00:50:37 CEST.

Flavor Version Tinstall Tcheck Ttotal Status Flags
r-devel-linux-x86_64-debian-clang 0.1.1 3.66 65.53 69.19 NOTE
r-devel-linux-x86_64-debian-gcc 0.1.1 2.96 50.02 52.98 NOTE
r-devel-linux-x86_64-fedora-clang 0.1.1 88.29 NOTE
r-devel-linux-x86_64-fedora-gcc 0.1.1 97.99 NOTE
r-patched-linux-x86_64 0.1.1 10.26 63.18 73.44 NOTE
r-release-linux-x86_64 0.1.1 3.57 63.04 66.61 NOTE
r-release-macos-arm64 0.1.1 27.00 NOTE
r-release-macos-x86_64 0.1.1 52.00 NOTE
r-release-windows-x86_64 0.1.1 22.00 94.00 116.00 NOTE
r-oldrel-macos-arm64 0.1.1 35.00 NOTE
r-oldrel-macos-x86_64 0.1.1 41.00 NOTE
r-oldrel-windows-ix86+x86_64 0.1.1 10.00 97.00 107.00 NOTE

Check Details

Version: 0.1.1
Check: LazyData
Result: NOTE
     'LazyData' is specified without a 'data' directory
Flavors: r-devel-linux-x86_64-debian-clang, r-devel-linux-x86_64-debian-gcc, r-devel-linux-x86_64-fedora-clang, r-devel-linux-x86_64-fedora-gcc, r-patched-linux-x86_64, r-release-linux-x86_64, r-release-macos-arm64, r-release-macos-x86_64, r-release-windows-x86_64, r-oldrel-macos-arm64, r-oldrel-macos-x86_64, r-oldrel-windows-ix86+x86_64