Last updated on 2021-01-27 23:49:30 CET.
Flavor | Version | Tinstall | Tcheck | Ttotal | Status | Flags |
---|---|---|---|---|---|---|
r-devel-linux-x86_64-debian-clang | 0.1.2 | 2.64 | 30.23 | 32.87 | OK | |
r-devel-linux-x86_64-debian-gcc | 0.1.2 | OK | ||||
r-devel-linux-x86_64-fedora-clang | 0.1.2 | 48.77 | NOTE | |||
r-devel-linux-x86_64-fedora-gcc | 0.1.2 | 39.06 | NOTE | |||
r-devel-windows-ix86+x86_64 | 0.1.2 | 8.00 | 51.00 | 59.00 | OK | |
r-patched-linux-x86_64 | 0.1.2 | 2.94 | 29.12 | 32.06 | OK | |
r-patched-solaris-x86 | 0.1.2 | 56.30 | NOTE | |||
r-release-linux-x86_64 | 0.1.2 | 3.30 | 29.45 | 32.75 | OK | |
r-release-macos-x86_64 | 0.1.2 | OK | ||||
r-release-windows-ix86+x86_64 | 0.1.2 | 7.00 | 36.00 | 43.00 | OK | |
r-oldrel-macos-x86_64 | 0.1.2 | OK | ||||
r-oldrel-windows-ix86+x86_64 | 0.1.2 | 5.00 | 46.00 | 51.00 | OK |
Version: 0.1.2
Check: package dependencies
Result: NOTE
Package suggested but not available for checking: ‘RQuantLib’
Flavors: r-devel-linux-x86_64-fedora-clang, r-devel-linux-x86_64-fedora-gcc, r-patched-solaris-x86