CRAN Package Check Results for Package rtsdata

Last updated on 2024-06-18 00:57:37 CEST.

Flavor Version Tinstall Tcheck Ttotal Status Flags
r-devel-linux-x86_64-debian-clang 0.1.4 3.38 31.67 35.05 OK
r-devel-linux-x86_64-debian-gcc 0.1.4 2.40 24.29 26.69 OK
r-devel-linux-x86_64-fedora-clang 0.1.4 45.41 NOTE
r-devel-linux-x86_64-fedora-gcc 0.1.4 42.22 OK
r-devel-windows-x86_64 0.1.4 4.00 47.00 51.00 OK
r-patched-linux-x86_64 0.1.4 3.23 30.13 33.36 OK
r-release-linux-x86_64 0.1.4 3.13 30.22 33.35 OK
r-release-macos-arm64 0.1.4 19.00 OK
r-release-macos-x86_64 0.1.4 26.00 OK
r-release-windows-x86_64 0.1.4 4.00 49.00 53.00 OK
r-oldrel-macos-arm64 0.1.4 20.00 OK
r-oldrel-macos-x86_64 0.1.4 36.00 OK
r-oldrel-windows-x86_64 0.1.4 4.00 51.00 55.00 OK

Check Details

Version: 0.1.4
Check: package dependencies
Result: NOTE Package suggested but not available for checking: ‘RQuantLib’ Flavor: r-devel-linux-x86_64-fedora-clang