CRAN Package Check Results for Package rtodoist

Last updated on 2021-04-22 23:49:53 CEST.

Flavor Version Tinstall Tcheck Ttotal Status Flags
r-devel-linux-x86_64-debian-clang 0.1.0 4.37 44.39 48.76 NOTE
r-devel-linux-x86_64-debian-gcc 0.1.0 3.54 33.79 37.33 NOTE
r-devel-linux-x86_64-fedora-clang 0.1.0 67.21 NOTE
r-devel-linux-x86_64-fedora-gcc 0.1.0 56.80 NOTE
r-devel-windows-ix86+x86_64 0.1.0 12.00 62.00 74.00 NOTE
r-devel-windows-x86_64-gcc10-UCRT 0.1.0 NOTE
r-patched-linux-x86_64 0.1.0 4.75 41.93 46.68 WARN
r-patched-solaris-x86 0.1.0 84.80 OK
r-release-linux-x86_64 0.1.0 4.06 41.78 45.84 OK
r-release-macos-x86_64 0.1.0 OK
r-release-windows-ix86+x86_64 0.1.0 12.00 51.00 63.00 OK
r-oldrel-macos-x86_64 0.1.0 OK
r-oldrel-windows-ix86+x86_64 0.1.0 19.00 58.00 77.00 OK

Check Details

Version: 0.1.0
Check: LazyData
Result: NOTE
     'LazyData' is specified without a 'data' directory
Flavors: r-devel-linux-x86_64-debian-clang, r-devel-linux-x86_64-debian-gcc, r-devel-linux-x86_64-fedora-clang, r-devel-linux-x86_64-fedora-gcc, r-devel-windows-ix86+x86_64, r-devel-windows-x86_64-gcc10-UCRT

Version: 0.1.0
Check: whether package can be installed
Result: WARN
    Found the following significant warnings:
     Rd warning: /tmp/RtmpMCVyZu/R.INSTALL43d812665ce7/rtodoist/man/pipe.Rd:13: file link ‘%>%’ in package ‘magrittr’ does not exist and so has been treated as a topic
Flavor: r-patched-linux-x86_64