CRAN Package Check Results for Package rtkore

Last updated on 2022-05-16 23:55:42 CEST.

Flavor Version Tinstall Tcheck Ttotal Status Flags
r-devel-linux-x86_64-debian-clang 1.5.5 29.00 77.06 106.06 OK
r-devel-linux-x86_64-debian-gcc 1.5.5 27.23 60.74 87.97 OK
r-devel-linux-x86_64-fedora-clang 1.5.5 163.18 NOTE
r-devel-linux-x86_64-fedora-gcc 1.5.5 152.81 OK
r-devel-windows-x86_64 1.5.5 167.00 209.00 376.00 NOTE
r-patched-linux-x86_64 1.5.5 28.31 75.81 104.12 OK
r-release-linux-x86_64 1.5.5 29.60 75.90 105.50 OK
r-release-macos-arm64 1.5.5 52.00 NOTE
r-release-macos-x86_64 1.5.5 68.00 NOTE
r-release-windows-x86_64 1.5.5 271.00 214.00 485.00 NOTE
r-oldrel-macos-arm64 1.5.5 72.00 NOTE
r-oldrel-macos-x86_64 1.5.5 136.00 NOTE
r-oldrel-windows-ix86+x86_64 1.5.5 82.00 151.00 233.00 NOTE

Check Details

Version: 1.5.5
Check: installed package size
Result: NOTE
     installed size is 5.5Mb
     sub-directories of 1Mb or more:
     doc 1.1Mb
     libs 1.3Mb
     projects 2.8Mb
Flavors: r-devel-linux-x86_64-fedora-clang, r-devel-windows-x86_64, r-release-macos-arm64, r-release-macos-x86_64, r-release-windows-x86_64, r-oldrel-macos-arm64, r-oldrel-macos-x86_64, r-oldrel-windows-ix86+x86_64