Last updated on 2021-04-22 23:49:53 CEST.
Flavor | Version | Tinstall | Tcheck | Ttotal | Status | Flags |
---|---|---|---|---|---|---|
r-devel-linux-x86_64-debian-clang | 0.1.22 | 24.06 | 71.69 | 95.75 | OK | |
r-devel-linux-x86_64-debian-gcc | 0.1.22 | 15.25 | 58.71 | 73.96 | OK | |
r-devel-linux-x86_64-fedora-clang | 0.1.22 | 134.99 | NOTE | |||
r-devel-linux-x86_64-fedora-gcc | 0.1.22 | 116.88 | NOTE | |||
r-devel-windows-ix86+x86_64 | 0.1.22 | 51.00 | 162.00 | 213.00 | OK | |
r-devel-windows-x86_64-gcc10-UCRT | 0.1.22 | NOTE | ||||
r-patched-linux-x86_64 | 0.1.22 | 23.44 | 70.45 | 93.89 | OK | |
r-patched-solaris-x86 | 0.1.22 | 196.20 | NOTE | |||
r-release-linux-x86_64 | 0.1.22 | 20.59 | 70.86 | 91.45 | OK | |
r-release-macos-x86_64 | 0.1.22 | NOTE | ||||
r-release-windows-ix86+x86_64 | 0.1.22 | 54.00 | 163.00 | 217.00 | OK | |
r-oldrel-macos-x86_64 | 0.1.22 | NOTE | ||||
r-oldrel-windows-ix86+x86_64 | 0.1.22 | 64.00 | 161.00 | 225.00 | OK |
Version: 0.1.22
Check: dependencies in R code
Result: NOTE
Namespaces in Imports field not imported from:
‘RSQLite’ ‘stats’
All declared Imports should be used.
Flavors: r-devel-linux-x86_64-fedora-clang, r-devel-linux-x86_64-fedora-gcc, r-devel-windows-x86_64-gcc10-UCRT, r-patched-solaris-x86, r-release-macos-x86_64, r-oldrel-macos-x86_64
Version: 0.1.22
Check: data for non-ASCII characters
Result: NOTE
Note: found 2 marked UTF-8 strings
Flavors: r-devel-linux-x86_64-fedora-clang, r-devel-linux-x86_64-fedora-gcc, r-devel-windows-x86_64-gcc10-UCRT, r-patched-solaris-x86, r-release-macos-x86_64, r-oldrel-macos-x86_64