CRAN Package Check Results for Package rsubgroup

Last updated on 2019-10-06 23:47:11 CEST.

Flavor Version Tinstall Tcheck Ttotal Status Flags
r-devel-linux-x86_64-debian-clang 0.6 3.38 45.63 49.01 OK
r-devel-linux-x86_64-debian-gcc 0.6 3.17 35.01 38.18 OK
r-devel-linux-x86_64-fedora-clang 0.6 60.92 OK
r-devel-linux-x86_64-fedora-gcc 0.6 64.76 OK
r-devel-windows-ix86+x86_64 0.6 9.00 6.00 15.00 ERROR
r-patched-linux-x86_64 0.6 3.42 44.14 47.56 OK
r-patched-solaris-x86 0.6 74.90 OK
r-release-linux-x86_64 0.6 3.18 44.16 47.34 OK
r-release-windows-ix86+x86_64 0.6 16.00 54.00 70.00 OK
r-release-osx-x86_64 0.6 OK
r-oldrel-windows-ix86+x86_64 0.6 8.00 54.00 62.00 OK
r-oldrel-osx-x86_64 0.6 OK

Check Details

Version: 0.6
Check: whether package can be installed
Result: ERROR
    Installation failed.
Flavor: r-devel-windows-ix86+x86_64