CRAN Package Check Results for Package rstudioapi

Last updated on 2020-09-27 23:49:37 CEST.

Flavor Version Tinstall Tcheck Ttotal Status Flags
r-devel-linux-x86_64-debian-clang 0.11 2.91 33.31 36.22 OK
r-devel-linux-x86_64-debian-gcc 0.11 2.63 26.13 28.76 OK
r-devel-linux-x86_64-fedora-clang 0.11 52.78 NOTE
r-devel-linux-x86_64-fedora-gcc 0.11 44.94 OK
r-devel-windows-ix86+x86_64 0.11 14.00 51.00 65.00 OK
r-patched-linux-x86_64 0.11 2.84 32.64 35.48 OK
r-patched-solaris-x86 0.11 58.90 OK
r-release-linux-x86_64 0.11 2.89 33.71 36.60 OK
r-release-macos-x86_64 0.11 OK
r-release-windows-ix86+x86_64 0.11 10.00 56.00 66.00 OK
r-oldrel-macos-x86_64 0.11 OK
r-oldrel-windows-ix86+x86_64 0.11 23.00 47.00 70.00 OK

Check Details

Version: 0.11
Check: Rd cross-references
Result: NOTE
    Undeclared packages ‘shiny’, ‘Rook’, ‘opencpu’ in Rd xrefs
Flavor: r-devel-linux-x86_64-fedora-clang