CRAN Package Check Results for Package rstan

Last updated on 2019-06-07 02:51:08 CEST.

Flavor Version Tinstall Tcheck Ttotal Status Flags
r-devel-linux-x86_64-debian-clang 2.18.2 734.02 567.36 1301.38 NOTE
r-devel-linux-x86_64-debian-gcc 2.18.2 587.91 471.01 1058.92 NOTE
r-devel-linux-x86_64-fedora-clang 2.18.2 1611.95 NOTE
r-devel-linux-x86_64-fedora-gcc 2.18.2 1451.32 NOTE
r-devel-windows-ix86+x86_64 2.18.2 1515.00 707.00 2222.00 NOTE
r-patched-linux-x86_64 2.18.2 639.89 600.07 1239.96 OK
r-patched-solaris-x86 2.18.2 1314.10 WARN
r-release-linux-x86_64 2.18.2 651.87 604.96 1256.83 OK
r-release-windows-ix86+x86_64 2.18.2 1594.00 739.00 2333.00 NOTE
r-release-osx-x86_64 2.18.2 FAIL
r-oldrel-windows-ix86+x86_64 2.18.2 1275.00 621.00 1896.00 NOTE
r-oldrel-osx-x86_64 2.18.2 NOTE

Check Details

Version: 2.18.2
Check: for non-standard things in the check directory
Result: NOTE
    Found the following files/directories:
     ab.data.R
Flavors: r-devel-linux-x86_64-debian-clang, r-devel-linux-x86_64-debian-gcc

Version: 2.18.2
Check: installed package size
Result: NOTE
     installed size is 167.6Mb
     sub-directories of 1Mb or more:
     libs 165.0Mb
Flavors: r-devel-linux-x86_64-fedora-clang, r-devel-windows-ix86+x86_64, r-patched-solaris-x86, r-release-windows-ix86+x86_64, r-release-osx-x86_64, r-oldrel-windows-ix86+x86_64, r-oldrel-osx-x86_64

Version: 2.18.2
Check: for non-standard things in the check directory
Result: NOTE
    Found the following files/directories:
     ‘ab.data.R’
Flavors: r-devel-linux-x86_64-fedora-clang, r-devel-linux-x86_64-fedora-gcc

Version: 2.18.2
Check: re-building of vignette outputs
Result: WARN
    Error(s) in re-building vignettes:
     ...
    --- re-building ‘external.Rmd’ using rmarkdown
    Warning in engine$weave(file, quiet = quiet, encoding = enc) :
     Pandoc (>= 1.12.3) and/or pandoc-citeproc not available. Falling back to R Markdown v1.
    Quitting from lines 200-208 (external.Rmd)
    Quitting from lines 200-208 (external.Rmd)
    Error: processing vignette 'external.Rmd' failed with diagnostics:
    invalid connection
    --- failed re-building ‘external.Rmd’
    
    --- re-building ‘rstan.Rmd’ using rmarkdown
    Warning in engine$weave(file, quiet = quiet, encoding = enc) :
     Pandoc (>= 1.12.3) and/or pandoc-citeproc not available. Falling back to R Markdown v1.
    Quitting from lines 226-236 (rstan.Rmd)
    Quitting from lines 226-236 (rstan.Rmd)
    Error: processing vignette 'rstan.Rmd' failed with diagnostics:
    invalid connection
    --- failed re-building ‘rstan.Rmd’
    
    --- re-building ‘stanfit-objects.Rmd’ using rmarkdown
    Warning in engine$weave(file, quiet = quiet, encoding = enc) :
     Pandoc (>= 1.12.3) and/or pandoc-citeproc not available. Falling back to R Markdown v1.
    Quitting from lines 37-46 (stanfit-objects.Rmd)
    Quitting from lines 37-46 (stanfit-objects.Rmd)
    Error: processing vignette 'stanfit-objects.Rmd' failed with diagnostics:
    invalid connection
    --- failed re-building ‘stanfit-objects.Rmd’
    
    SUMMARY: processing the following files failed:
     ‘external.Rmd’ ‘rstan.Rmd’ ‘stanfit-objects.Rmd’
    
    Error: Vignette re-building failed.
    Execution halted
Flavor: r-patched-solaris-x86

Version: 2.18.2
Check: re-building of vignette outputs
Result: FAIL
    
Flavor: r-release-osx-x86_64