CRAN Package Check Results for Package rstan

Last updated on 2019-09-15 23:46:31 CEST.

Flavor Version Tinstall Tcheck Ttotal Status Flags
r-devel-linux-x86_64-debian-clang 2.19.2 664.53 669.22 1333.75 NOTE
r-devel-linux-x86_64-debian-gcc 2.19.2 650.28 609.11 1259.39 NOTE
r-devel-linux-x86_64-fedora-clang 2.19.2 1920.76 NOTE
r-devel-linux-x86_64-fedora-gcc 2.19.2 2120.70 NOTE
r-devel-windows-ix86+x86_64 2.19.2 1679.00 642.00 2321.00 NOTE
r-patched-linux-x86_64 2.19.2 682.72 718.73 1401.45 NOTE
r-patched-solaris-x86 2.19.2 1411.60 WARN
r-release-linux-x86_64 2.19.2 679.12 709.88 1389.00 NOTE
r-release-windows-ix86+x86_64 2.19.2 1186.00 650.00 1836.00 NOTE
r-release-osx-x86_64 2.19.2 NOTE
r-oldrel-windows-ix86+x86_64 2.19.2 1726.00 573.00 2299.00 NOTE
r-oldrel-osx-x86_64 2.19.2 NOTE

Check Details

Version: 2.19.2
Check: for GNU extensions in Makefiles
Result: NOTE
    GNU make is a SystemRequirements.
Flavors: r-devel-linux-x86_64-debian-clang, r-devel-linux-x86_64-debian-gcc, r-devel-linux-x86_64-fedora-clang, r-devel-linux-x86_64-fedora-gcc, r-devel-windows-ix86+x86_64, r-patched-linux-x86_64, r-patched-solaris-x86, r-release-linux-x86_64, r-release-windows-ix86+x86_64, r-release-osx-x86_64, r-oldrel-windows-ix86+x86_64, r-oldrel-osx-x86_64

Version: 2.19.2
Check: installed package size
Result: NOTE
     installed size is 172.6Mb
     sub-directories of 1Mb or more:
     libs 169.8Mb
Flavors: r-devel-linux-x86_64-fedora-clang, r-devel-windows-ix86+x86_64, r-patched-solaris-x86, r-release-windows-ix86+x86_64, r-release-osx-x86_64, r-oldrel-windows-ix86+x86_64, r-oldrel-osx-x86_64

Version: 2.19.2
Check: re-building of vignette outputs
Result: WARN
    Error(s) in re-building vignettes:
     ...
    --- re-building ‘SBC.Rmd’ using rmarkdown
    Warning in engine$weave(file, quiet = quiet, encoding = enc) :
     Pandoc (>= 1.12.3) and/or pandoc-citeproc not available. Falling back to R Markdown v1.
    Creating a 'stanmodel' object beta_binomial
    Warning in system(cmd, intern = !verbose) :
     running command '/home/ripley/R/cc/bin/R CMD SHLIB filead122ba55.cpp 2> filead122ba55.cpp.err.txt' had status 1 and error message 'Illegal seek'
    Quitting from lines 20-45 (SBC.Rmd)
    Quitting from lines 20-45 (SBC.Rmd)
    Error: processing vignette 'SBC.Rmd' failed with diagnostics:
    invalid connection
    --- failed re-building ‘SBC.Rmd’
    
    --- re-building ‘external.Rmd’ using rmarkdown
    Warning in engine$weave(file, quiet = quiet, encoding = enc) :
     Pandoc (>= 1.12.3) and/or pandoc-citeproc not available. Falling back to R Markdown v1.
    Quitting from lines 200-208 (external.Rmd)
    Quitting from lines 200-208 (external.Rmd)
    Error: processing vignette 'external.Rmd' failed with diagnostics:
    invalid connection
    --- failed re-building ‘external.Rmd’
    
    --- re-building ‘rstan.Rmd’ using rmarkdown
    Warning in engine$weave(file, quiet = quiet, encoding = enc) :
     Pandoc (>= 1.12.3) and/or pandoc-citeproc not available. Falling back to R Markdown v1.
    Quitting from lines 226-236 (rstan.Rmd)
    Quitting from lines 226-236 (rstan.Rmd)
    Error: processing vignette 'rstan.Rmd' failed with diagnostics:
    invalid connection
    --- failed re-building ‘rstan.Rmd’
    
    --- re-building ‘stanfit-objects.Rmd’ using rmarkdown
    Warning in engine$weave(file, quiet = quiet, encoding = enc) :
     Pandoc (>= 1.12.3) and/or pandoc-citeproc not available. Falling back to R Markdown v1.
    Quitting from lines 37-46 (stanfit-objects.Rmd)
    Quitting from lines 37-46 (stanfit-objects.Rmd)
    Error: processing vignette 'stanfit-objects.Rmd' failed with diagnostics:
    invalid connection
    --- failed re-building ‘stanfit-objects.Rmd’
    
    SUMMARY: processing the following files failed:
     ‘SBC.Rmd’ ‘external.Rmd’ ‘rstan.Rmd’ ‘stanfit-objects.Rmd’
    
    Error: Vignette re-building failed.
    Execution halted
Flavor: r-patched-solaris-x86