CRAN Package Check Results for Package rsolr

Last updated on 2022-06-24 23:50:22 CEST.

Flavor Version Tinstall Tcheck Ttotal Status Flags
r-devel-linux-x86_64-debian-clang 0.0.13 36.70 207.49 244.19 OK
r-devel-linux-x86_64-debian-gcc 0.0.13 29.94 129.31 159.25 OK --no-tests
r-devel-linux-x86_64-fedora-clang 0.0.13 278.36 ERROR
r-devel-linux-x86_64-fedora-gcc 0.0.13 1122.73 ERROR
r-devel-windows-x86_64 0.0.13 191.00 365.00 556.00 OK
r-patched-linux-x86_64 0.0.13 38.42 197.98 236.40 OK
r-release-linux-x86_64 0.0.13 31.18 167.61 198.79 OK --no-tests
r-release-macos-arm64 0.0.13 135.00 OK
r-release-macos-x86_64 0.0.13 155.00 OK
r-release-windows-x86_64 0.0.13 213.00 362.00 575.00 OK
r-oldrel-macos-arm64 0.0.13 125.00 OK
r-oldrel-macos-x86_64 0.0.13 151.00 OK
r-oldrel-windows-ix86+x86_64 0.0.13 71.00 316.00 387.00 OK

Additional issues

ATLAS MKL noLD OpenBLAS

Check Details

Version: 0.0.13
Check: tests
Result: ERROR
     Running ‘rsolr_unit_tests.R’ [11s/39s]
    Running the tests in ‘tests/rsolr_unit_tests.R’ failed.
    Complete output:
     > rsolr:::.test()
    
     Attaching package: 'BiocGenerics'
    
     The following objects are masked from 'package:stats':
    
     IQR, mad, sd, var, xtabs
    
     The following objects are masked from 'package:base':
    
     Filter, Find, Map, Position, Reduce, anyDuplicated, append,
     as.data.frame, basename, cbind, colnames, dirname, do.call,
     duplicated, eval, evalq, get, grep, grepl, intersect, is.unsorted,
     lapply, mapply, match, mget, order, paste, pmax, pmax.int, pmin,
     pmin.int, rank, rbind, rownames, sapply, setdiff, sort, table,
     tapply, union, unique, unsplit, which.max, which.min
    
    
     Attaching package: 'rsolr'
    
     The following object is masked from 'package:stats':
    
     ftable
    
     The following object is masked from 'package:base':
    
     grouping
    
     Timing stopped at: 0.137 0.004 0.403
     Error in value[[3L]](cond) : Failed to retrieve schema.
     rsolr requires schema via REST or as XML from admin module.
     Error from REST: Error in h(simpleError(msg, call)): error in evaluating the argument 'X' in selecting a method for function 'lapply': Not Found
    
    
     Timing stopped at: 0.045 0.001 0.112
     Error in value[[3L]](cond) : Failed to retrieve schema.
     rsolr requires schema via REST or as XML from admin module.
     Error from REST: Error in h(simpleError(msg, call)): error in evaluating the argument 'X' in selecting a method for function 'lapply': Not Found
    
    
     Timing stopped at: 0.045 0.002 0.093
     Error in value[[3L]](cond) : Failed to retrieve schema.
     rsolr requires schema via REST or as XML from admin module.
     Error from REST: Error in h(simpleError(msg, call)): error in evaluating the argument 'X' in selecting a method for function 'lapply': Not Found
    
    
     Timing stopped at: 0.061 0.001 0.13
     Error in value[[3L]](cond) : Failed to retrieve schema.
     rsolr requires schema via REST or as XML from admin module.
     Error from REST: Error in h(simpleError(msg, call)): error in evaluating the argument 'X' in selecting a method for function 'lapply': Not Found
    
    
     Timing stopped at: 0.044 0.001 0.111
     Error in value[[3L]](cond) : Failed to retrieve schema.
     rsolr requires schema via REST or as XML from admin module.
     Error from REST: Error in h(simpleError(msg, call)): error in evaluating the argument 'X' in selecting a method for function 'lapply': Not Found
    
    
     Starting Solr...
     Use options(verbose=TRUE) to diagnose any problems.
     WARNING: An illegal reflective access operation has occurred
     WARNING: Illegal reflective access by org.xnio.nio.NioXnio$2 (file:/data/gannet/ripley/.local/share/R/rsolr/solr-undertow-1.6.0-with-solr-5.5.0/lib/xnio-nio-3.3.4.Final.jar) to constructor sun.nio.ch.EPollSelectorProvider()
     WARNING: Please consider reporting this to the maintainers of org.xnio.nio.NioXnio$2
     WARNING: Use --illegal-access=warn to enable warnings of further illegal reflective access operations
     WARNING: All illegal access operations will be denied in a future release
     Solr started at: http://localhost:8983/solr/Cars93
     Starting Solr...
     Use options(verbose=TRUE) to diagnose any problems.
     WARNING: An illegal reflective access operation has occurred
     WARNING: Illegal reflective access by org.xnio.nio.NioXnio$2 (file:/data/gannet/ripley/.local/share/R/rsolr/solr-undertow-1.6.0-with-solr-5.5.0/lib/xnio-nio-3.3.4.Final.jar) to constructor sun.nio.ch.EPollSelectorProvider()
     WARNING: Please consider reporting this to the maintainers of org.xnio.nio.NioXnio$2
     WARNING: Use --illegal-access=warn to enable warnings of further illegal reflective access operations
     WARNING: All illegal access operations will be denied in a future release
     Solr started at: http://localhost:8983/solr/Cars93
    
    
     RUNIT TEST PROTOCOL -- Fri Jun 24 16:11:43 2022
     ***********************************************
     Number of test functions: 7
     Number of errors: 5
     Number of failures: 0
    
    
     1 Test Suite :
     rsolr RUnit Tests - 7 test functions, 5 errors, 0 failures
     ERROR in test_SolrCore_accessors: Error in value[[3L]](cond) : Failed to retrieve schema.
     rsolr requires schema via REST or as XML from admin module.
     Error from REST: Error in h(simpleError(msg, call)): error in evaluating the argument 'X' in selecting a method for function 'lapply': Not Found
    
    
     ERROR in test_SolrFrame_accessors: Error in value[[3L]](cond) : Failed to retrieve schema.
     rsolr requires schema via REST or as XML from admin module.
     Error from REST: Error in h(simpleError(msg, call)): error in evaluating the argument 'X' in selecting a method for function 'lapply': Not Found
    
    
     ERROR in test_SolrList_accessors: Error in value[[3L]](cond) : Failed to retrieve schema.
     rsolr requires schema via REST or as XML from admin module.
     Error from REST: Error in h(simpleError(msg, call)): error in evaluating the argument 'X' in selecting a method for function 'lapply': Not Found
    
    
     ERROR in test_SolrList_queries: Error in value[[3L]](cond) : Failed to retrieve schema.
     rsolr requires schema via REST or as XML from admin module.
     Error from REST: Error in h(simpleError(msg, call)): error in evaluating the argument 'X' in selecting a method for function 'lapply': Not Found
    
    
     ERROR in test_SolrQuery: Error in value[[3L]](cond) : Failed to retrieve schema.
     rsolr requires schema via REST or as XML from admin module.
     Error from REST: Error in h(simpleError(msg, call)): error in evaluating the argument 'X' in selecting a method for function 'lapply': Not Found
    
    
    
     Test files with failing tests
    
     test_SolrCore.R
     test_SolrCore_accessors
    
     test_SolrFrame.R
     test_SolrFrame_accessors
    
     test_SolrList.R
     test_SolrList_accessors
     test_SolrList_queries
    
     test_SolrQuery.R
     test_SolrQuery
    
    
     Error in get("testPackage", getNamespace("BiocGenerics"))("rsolr") :
     unit tests failed for package rsolr
     Calls: <Anonymous> -> <Anonymous>
     Execution halted
Flavor: r-devel-linux-x86_64-fedora-clang

Version: 0.0.13
Check: tests
Result: ERROR
     Running ‘rsolr_unit_tests.R’ [15m/90m]
    Running the tests in ‘tests/rsolr_unit_tests.R’ failed.
    Complete output:
     > rsolr:::.test()
     Starting Solr...
     Use options(verbose=TRUE) to diagnose any problems.
     WARNING: An illegal reflective access operation has occurred
     WARNING: Illegal reflective access by org.xnio.nio.NioXnio$2 (file:/data/gannet/ripley/.local/share/R/rsolr/solr-undertow-1.6.0-with-solr-5.5.0/lib/xnio-nio-3.3.4.Final.jar) to constructor sun.nio.ch.EPollSelectorProvider()
     WARNING: Please consider reporting this to the maintainers of org.xnio.nio.NioXnio$2
     WARNING: Use --illegal-access=warn to enable warnings of further illegal reflective access operations
     WARNING: All illegal access operations will be denied in a future release
     Solr started at: http://localhost:8983/solr/techproducts
    
     Attaching package: 'BiocGenerics'
    
     The following objects are masked from 'package:stats':
    
     IQR, mad, sd, var, xtabs
    
     The following objects are masked from 'package:base':
    
     Filter, Find, Map, Position, Reduce, anyDuplicated, append,
     as.data.frame, basename, cbind, colnames, dirname, do.call,
     duplicated, eval, evalq, get, grep, grepl, intersect, is.unsorted,
     lapply, mapply, match, mget, order, paste, pmax, pmax.int, pmin,
     pmin.int, rank, rbind, rownames, sapply, setdiff, sort, table,
     tapply, union, unique, unsplit, which.max, which.min
    
    
     Attaching package: 'rsolr'
    
     The following object is masked from 'package:stats':
    
     ftable
    
     The following object is masked from 'package:base':
    
     grouping
    
     Error in x$.self$finalize() : attempt to apply non-function
     Error in x$.self$finalize() : attempt to apply non-function
     Error in x$.self$finalize() : attempt to apply non-function
     Error in x$.self$finalize() : attempt to apply non-function
     Error in x$.self$finalize() : attempt to apply non-function
     Error in x$.self$finalize() : attempt to apply non-function
     Error in x$.self$finalize() : attempt to apply non-function
     Error in x$.self$finalize() : attempt to apply non-function
     Starting Solr...
     Use options(verbose=TRUE) to diagnose any problems.
     WARNING: An illegal reflective access operation has occurred
     WARNING: Illegal reflective access by org.xnio.nio.NioXnio$2 (file:/data/gannet/ripley/.local/share/R/rsolr/solr-undertow-1.6.0-with-solr-5.5.0/lib/xnio-nio-3.3.4.Final.jar) to constructor sun.nio.ch.EPollSelectorProvider()
     WARNING: Please consider reporting this to the maintainers of org.xnio.nio.NioXnio$2
     WARNING: Use --illegal-access=warn to enable warnings of further illegal reflective access operations
     WARNING: All illegal access operations will be denied in a future release
    
     Timing stopped at: 818.4 13.26 5272
     Execution halted
     rm: traversal failed: /tmp/RtmplaoJNu/working_dir/Rtmp2DkLSy: Too many open files
     Warning message:
     In solr$kill() : Test solr not running
Flavor: r-devel-linux-x86_64-fedora-gcc

Version: 0.0.13
Check: re-building of vignette outputs
Result: ERROR
    Error(s) in re-building vignettes:
    --- re-building ‘intro.Rnw’ using knitr
    Quitting from lines 122-123 (intro.Rnw)
    Error: processing vignette 'intro.Rnw' failed with diagnostics:
    Failed to retrieve schema.
    rsolr requires schema via REST or as XML from admin module.
    Error from REST: Error in h(simpleError(msg, call)): error in evaluating the argument 'X' in selecting a method for function 'lapply': Not Found
    
    
    --- failed re-building ‘intro.Rnw’
    
    SUMMARY: processing the following file failed:
     ‘intro.Rnw’
    
    Error: Vignette re-building failed.
    Execution halted
Flavor: r-devel-linux-x86_64-fedora-gcc