CRAN Package Check Results for Package rsconnect

Last updated on 2023-05-31 01:03:29 CEST.

Flavor Version Tinstall Tcheck Ttotal Status Flags
r-devel-linux-x86_64-debian-clang 0.8.29 10.25 62.93 73.18 OK
r-devel-linux-x86_64-debian-gcc 0.8.29 6.27 48.63 54.90 OK
r-devel-linux-x86_64-fedora-clang 0.8.29 96.46 NOTE
r-devel-linux-x86_64-fedora-gcc 0.8.29 84.92 OK
r-devel-windows-x86_64 0.8.29 11.00 84.00 95.00 OK
r-patched-linux-x86_64 0.8.29 8.53 60.90 69.43 OK
r-release-linux-x86_64 0.8.29 6.51 60.70 67.21 OK
r-release-macos-arm64 0.8.29 32.00 OK
r-release-macos-x86_64 0.8.29 47.00 OK
r-release-windows-x86_64 0.8.29 11.00 93.00 104.00 OK
r-oldrel-macos-arm64 0.8.29 28.00 OK
r-oldrel-macos-x86_64 0.8.29 40.00 OK
r-oldrel-windows-x86_64 0.8.29 11.00 87.00 98.00 OK

Check Details

Version: 0.8.29
Check: Rd cross-references
Result: NOTE
    Undeclared packages ‘keras’, ‘tensorflow’, ‘devtools’ in Rd xrefs
Flavor: r-devel-linux-x86_64-fedora-clang