CRAN Package Check Results for Package rreg

Last updated on 2024-06-15 23:34:28 CEST.

Flavor Version Tinstall Tcheck Ttotal Status Flags
r-devel-linux-x86_64-debian-clang 0.2.1 6.23 62.22 68.45 NOTE
r-devel-linux-x86_64-debian-gcc 0.2.1 4.10 46.11 50.21 NOTE
r-devel-linux-x86_64-fedora-clang 0.2.1 82.31 NOTE
r-devel-linux-x86_64-fedora-gcc 0.2.1 78.26 NOTE
r-devel-windows-x86_64 0.2.1 7.00 64.00 71.00 NOTE
r-patched-linux-x86_64 0.2.1 5.39 58.84 64.23 NOTE
r-release-linux-x86_64 0.2.1 5.19 59.18 64.37 NOTE
r-release-macos-arm64 0.2.1 28.00 NOTE
r-release-macos-x86_64 0.2.1 40.00 NOTE
r-release-windows-x86_64 0.2.1 7.00 66.00 73.00 NOTE
r-oldrel-macos-arm64 0.2.1 32.00 OK
r-oldrel-macos-x86_64 0.2.1 46.00 OK
r-oldrel-windows-x86_64 0.2.1 8.00 76.00 84.00 OK

Check Details

Version: 0.2.1
Check: Rd files
Result: NOTE checkRd: (-1) regrad.Rd:46: Lost braces; missing escapes or markup? 46 | \item \code{x-axis} {1st column: The names of the different institutions} | ^ checkRd: (-1) regrad.Rd:47: Lost braces; missing escapes or markup? 47 | \item \code{y-axis} {2nd column: The value to show completeness} | ^ Flavors: r-devel-linux-x86_64-debian-clang, r-devel-linux-x86_64-debian-gcc, r-devel-linux-x86_64-fedora-clang, r-devel-linux-x86_64-fedora-gcc, r-devel-windows-x86_64, r-patched-linux-x86_64, r-release-linux-x86_64, r-release-macos-arm64, r-release-macos-x86_64, r-release-windows-x86_64