CRAN Package Check Results for Package rrd

Last updated on 2019-07-22 06:47:48 CEST.

Flavor Version Tinstall Tcheck Ttotal Status Flags
r-devel-linux-x86_64-debian-clang 0.2.2 4.18 24.45 28.63 OK
r-devel-linux-x86_64-debian-gcc 0.2.2 2.95 19.60 22.55 OK
r-devel-linux-x86_64-fedora-clang 0.2.2 32.98 NOTE
r-devel-linux-x86_64-fedora-gcc 0.2.2 34.39 OK
r-patched-linux-x86_64 0.2.2 3.64 23.57 27.21 OK
r-release-linux-x86_64 0.2.2 3.72 23.84 27.56 OK
r-release-osx-x86_64 0.2.2 ERROR
r-oldrel-osx-x86_64 0.2.2 ERROR

Check Details

Version: 0.2.2
Check: installed package size
Result: NOTE
     installed size is 13.1Mb
     sub-directories of 1Mb or more:
     extdata 12.8Mb
Flavor: r-devel-linux-x86_64-fedora-clang

Version: 0.2.2
Check: whether package can be installed
Result: ERROR
    Installation failed.
Flavors: r-release-osx-x86_64, r-oldrel-osx-x86_64