CRAN Package Check Results for Package rrd

Last updated on 2019-12-08 23:47:37 CET.

Flavor Version Tinstall Tcheck Ttotal Status Flags
r-devel-linux-x86_64-debian-clang 0.2.2 4.61 26.67 31.28 OK
r-devel-linux-x86_64-debian-gcc 0.2.2 3.47 20.79 24.26 OK
r-devel-linux-x86_64-fedora-clang 0.2.2 37.52 NOTE
r-devel-linux-x86_64-fedora-gcc 0.2.2 34.68 OK
r-patched-linux-x86_64 0.2.2 3.43 23.63 27.06 OK
r-release-linux-x86_64 0.2.2 3.23 23.88 27.11 OK
r-release-osx-x86_64 0.2.2 ERROR
r-oldrel-osx-x86_64 0.2.2 ERROR

Check Details

Version: 0.2.2
Check: installed package size
Result: NOTE
     installed size is 13.1Mb
     sub-directories of 1Mb or more:
     extdata 12.8Mb
Flavor: r-devel-linux-x86_64-fedora-clang

Version: 0.2.2
Check: whether package can be installed
Result: ERROR
    Installation failed.
Flavors: r-release-osx-x86_64, r-oldrel-osx-x86_64