CRAN Package Check Results for Package rquery

Last updated on 2021-04-20 23:47:56 CEST.

Flavor Version Tinstall Tcheck Ttotal Status Flags
r-devel-linux-x86_64-debian-clang 1.4.6 11.45 96.58 108.03 NOTE
r-devel-linux-x86_64-debian-gcc 1.4.6 9.55 72.87 82.42 NOTE
r-devel-linux-x86_64-fedora-clang 1.4.6 137.13 NOTE
r-devel-linux-x86_64-fedora-gcc 1.4.6 127.82 NOTE
r-devel-windows-ix86+x86_64 1.4.6 19.00 94.00 113.00 NOTE
r-devel-windows-x86_64-gcc10-UCRT 1.4.6 NOTE
r-patched-linux-x86_64 1.4.6 11.88 90.10 101.98 OK
r-patched-solaris-x86 1.4.6 159.60 OK
r-release-linux-x86_64 1.4.6 11.17 89.21 100.38 OK
r-release-macos-x86_64 1.4.6 OK
r-release-windows-ix86+x86_64 1.4.6 21.00 122.00 143.00 OK
r-oldrel-macos-x86_64 1.4.6 OK
r-oldrel-windows-ix86+x86_64 1.4.6 13.00 118.00 131.00 OK

Check Details

Version: 1.4.6
Check: LazyData
Result: NOTE
     'LazyData' is specified without a 'data' directory
Flavors: r-devel-linux-x86_64-debian-clang, r-devel-linux-x86_64-debian-gcc, r-devel-linux-x86_64-fedora-clang, r-devel-linux-x86_64-fedora-gcc, r-devel-windows-ix86+x86_64, r-devel-windows-x86_64-gcc10-UCRT