CRAN Package Check Results for Package rpostgis

Last updated on 2020-11-25 23:51:47 CET.

Flavor Version Tinstall Tcheck Ttotal Status Flags
r-devel-linux-x86_64-debian-clang 1.4.3 14.94 96.05 110.99 OK
r-devel-linux-x86_64-debian-gcc 1.4.3 11.08 71.87 82.95 OK
r-devel-linux-x86_64-fedora-clang 1.4.3 133.55 OK
r-devel-linux-x86_64-fedora-gcc 1.4.3 124.05 OK
r-devel-windows-ix86+x86_64 1.4.3 24.00 112.00 136.00 OK
r-patched-linux-x86_64 1.4.3 13.28 82.66 95.94 OK
r-patched-solaris-x86 1.4.3 168.20 NOTE
r-release-linux-x86_64 1.4.3 12.12 93.84 105.96 OK
r-release-macos-x86_64 1.4.3 OK
r-release-windows-ix86+x86_64 1.4.3 25.00 114.00 139.00 OK
r-oldrel-macos-x86_64 1.4.3 OK
r-oldrel-windows-ix86+x86_64 1.4.3 18.00 104.00 122.00 OK

Check Details

Version: 1.4.3
Check: package dependencies
Result: NOTE
    Package suggested but not available for checking: ‘RPostgres’
Flavor: r-patched-solaris-x86