CRAN Package Check Results for Package rpms

Last updated on 2019-11-10 23:48:39 CET.

Flavor Version Tinstall Tcheck Ttotal Status Flags
r-devel-linux-x86_64-debian-clang 0.4.0 73.70 51.13 124.83 OK
r-devel-linux-x86_64-debian-gcc 0.4.0 54.77 41.06 95.83 OK
r-devel-linux-x86_64-fedora-clang 0.4.0 167.14 NOTE
r-devel-linux-x86_64-fedora-gcc 0.4.0 163.35 OK
r-devel-windows-ix86+x86_64 0.4.0 114.00 117.00 231.00 NOTE
r-patched-linux-x86_64 0.4.0 57.92 50.19 108.11 OK
r-patched-solaris-x86 0.4.0 166.40 OK
r-release-linux-x86_64 0.4.0 57.21 49.73 106.94 OK
r-release-windows-ix86+x86_64 0.4.0 151.00 123.00 274.00 NOTE
r-release-osx-x86_64 0.4.0 NOTE
r-oldrel-windows-ix86+x86_64 0.4.0 150.00 116.00 266.00 NOTE
r-oldrel-osx-x86_64 0.4.0 NOTE

Check Details

Version: 0.4.0
Check: installed package size
Result: NOTE
     installed size is 9.1Mb
     sub-directories of 1Mb or more:
     data 2.4Mb
     libs 4.9Mb
Flavors: r-devel-linux-x86_64-fedora-clang, r-devel-windows-ix86+x86_64, r-release-windows-ix86+x86_64, r-release-osx-x86_64, r-oldrel-windows-ix86+x86_64, r-oldrel-osx-x86_64