CRAN Package Check Results for Package rpms

Last updated on 2019-07-15 00:50:49 CEST.

Flavor Version Tinstall Tcheck Ttotal Status Flags
r-devel-linux-x86_64-debian-clang 0.4.0 68.00 50.13 118.13 OK
r-devel-linux-x86_64-debian-gcc 0.4.0 51.31 41.48 92.79 OK
r-devel-linux-x86_64-fedora-clang 0.4.0 159.40 NOTE
r-devel-linux-x86_64-fedora-gcc 0.4.0 162.67 OK
r-devel-windows-ix86+x86_64 0.4.0 103.00 109.00 212.00 NOTE
r-patched-linux-x86_64 0.4.0 59.26 50.62 109.88 OK
r-patched-solaris-x86 0.4.0 169.30 OK
r-release-linux-x86_64 0.4.0 62.13 49.86 111.99 OK
r-release-windows-ix86+x86_64 0.4.0 111.00 152.00 263.00 NOTE
r-release-osx-x86_64 0.4.0 NOTE
r-oldrel-windows-ix86+x86_64 0.4.0 139.00 120.00 259.00 NOTE
r-oldrel-osx-x86_64 0.4.0 NOTE

Check Details

Version: 0.4.0
Check: installed package size
Result: NOTE
     installed size is 8.7Mb
     sub-directories of 1Mb or more:
     data 2.4Mb
     libs 4.5Mb
Flavors: r-devel-linux-x86_64-fedora-clang, r-devel-windows-ix86+x86_64, r-release-windows-ix86+x86_64, r-release-osx-x86_64, r-oldrel-windows-ix86+x86_64, r-oldrel-osx-x86_64