CRAN Package Check Results for Package rpf

Last updated on 2022-07-01 23:53:32 CEST.

Flavor Version Tinstall Tcheck Ttotal Status Flags
r-devel-linux-x86_64-debian-clang 1.0.11 164.17 89.22 253.39 OK
r-devel-linux-x86_64-debian-gcc 1.0.11 116.76 68.26 185.02 OK
r-devel-linux-x86_64-fedora-clang 1.0.11 368.16 NOTE
r-devel-linux-x86_64-fedora-gcc 1.0.11 325.46 OK
r-devel-windows-x86_64 1.0.11 126.00 152.00 278.00 OK
r-patched-linux-x86_64 1.0.11 132.48 88.40 220.88 OK
r-release-linux-x86_64 1.0.11 131.01 87.39 218.40 OK
r-release-macos-arm64 1.0.11 94.00 NOTE
r-release-macos-x86_64 1.0.11 116.00 NOTE
r-release-windows-x86_64 1.0.11 138.00 148.00 286.00 OK
r-oldrel-macos-arm64 1.0.11 95.00 NOTE
r-oldrel-macos-x86_64 1.0.11 133.00 NOTE
r-oldrel-windows-ix86+x86_64 1.0.11 326.00 161.00 487.00 OK

Check Details

Version: 1.0.11
Check: installed package size
Result: NOTE
     installed size is 19.7Mb
     sub-directories of 1Mb or more:
     libs 18.7Mb
Flavors: r-devel-linux-x86_64-fedora-clang, r-release-macos-arm64, r-release-macos-x86_64, r-oldrel-macos-arm64, r-oldrel-macos-x86_64