CRAN Package Check Results for Package rpartScore

Last updated on 2022-06-29 23:53:29 CEST.

Flavor Version Tinstall Tcheck Ttotal Status Flags
r-devel-linux-x86_64-debian-clang 1.0-2 2.65 35.48 38.13 OK
r-devel-linux-x86_64-debian-gcc 1.0-2 1.92 26.47 28.39 OK
r-devel-linux-x86_64-fedora-clang 1.0-2 55.47 OK
r-devel-linux-x86_64-fedora-gcc 1.0-2 55.85 OK
r-devel-windows-x86_64 1.0-2 13.00 57.00 70.00 OK
r-patched-linux-x86_64 1.0-2 2.12 34.17 36.29 OK
r-release-linux-x86_64 1.0-2 2.33 33.78 36.11 OK
r-release-macos-arm64 1.0-2 22.00 OK
r-release-macos-x86_64 1.0-2 26.00 OK
r-release-windows-x86_64 1.0-2 25.00 57.00 82.00 OK
r-oldrel-macos-arm64 1.0-1 21.00 NOTE
r-oldrel-macos-x86_64 1.0-1 36.00 NOTE
r-oldrel-windows-ix86+x86_64 1.0-1 5.00 62.00 67.00 NOTE

Check Details

Version: 1.0-1
Check: R code for possible problems
Result: NOTE
    evalMedian: no visible global function definition for ‘xtabs’
    evalMode: no visible global function definition for ‘xtabs’
    rpartScore: no visible global function definition for ‘model.extract’
    rpartScore: no visible global function definition for ‘var’
    rpartScore: no visible binding for global variable ‘var’
    splitAbs: no visible global function definition for ‘xtabs’
    Undefined global functions or variables:
     model.extract var xtabs
    Consider adding
     importFrom("stats", "model.extract", "var", "xtabs")
    to your NAMESPACE file.
Flavors: r-oldrel-macos-arm64, r-oldrel-macos-x86_64, r-oldrel-windows-ix86+x86_64