CRAN Package Check Results for Package routr

Last updated on 2019-05-25 02:49:38 CEST.

Flavor Version Tinstall Tcheck Ttotal Status Flags
r-devel-linux-x86_64-debian-clang 0.3.0 4.27 29.69 33.96 OK
r-devel-linux-x86_64-debian-gcc 0.3.0 3.56 24.42 27.98 OK
r-devel-linux-x86_64-fedora-clang 0.3.0 43.41 NOTE
r-devel-linux-x86_64-fedora-gcc 0.3.0 42.37 NOTE
r-devel-windows-ix86+x86_64 0.3.0 10.00 46.00 56.00 OK
r-patched-linux-x86_64 0.3.0 OK
r-patched-solaris-x86 0.3.0 68.10 NOTE
r-release-linux-x86_64 0.3.0 4.61 29.40 34.01 OK
r-release-windows-ix86+x86_64 0.3.0 11.00 68.00 79.00 OK
r-release-osx-x86_64 0.3.0 NOTE
r-oldrel-windows-ix86+x86_64 0.3.0 8.00 61.00 69.00 OK
r-oldrel-osx-x86_64 0.3.0 NOTE

Check Details

Version: 0.3.0
Check: dependencies in R code
Result: NOTE
    Namespaces in Imports field not imported from:
     ‘httpuv’ ‘utils’
     All declared Imports should be used.
Flavors: r-devel-linux-x86_64-fedora-clang, r-devel-linux-x86_64-fedora-gcc, r-patched-solaris-x86, r-release-osx-x86_64, r-oldrel-osx-x86_64