CRAN Package Check Results for Package routr

Last updated on 2019-08-11 23:47:39 CEST.

Flavor Version Tinstall Tcheck Ttotal Status Flags
r-devel-linux-x86_64-debian-clang 0.3.0 4.32 30.16 34.48 OK
r-devel-linux-x86_64-debian-gcc 0.3.0 4.17 24.53 28.70 OK
r-devel-linux-x86_64-fedora-clang 0.3.0 41.55 NOTE
r-devel-linux-x86_64-fedora-gcc 0.3.0 40.11 NOTE
r-devel-windows-ix86+x86_64 0.3.0 13.00 68.00 81.00 OK
r-patched-linux-x86_64 0.3.0 4.32 29.90 34.22 OK
r-patched-solaris-x86 0.3.0 72.20 NOTE
r-release-linux-x86_64 0.3.0 4.18 29.98 34.16 OK
r-release-windows-ix86+x86_64 0.3.0 15.00 50.00 65.00 OK
r-release-osx-x86_64 0.3.0 NOTE
r-oldrel-windows-ix86+x86_64 0.3.0 8.00 64.00 72.00 OK
r-oldrel-osx-x86_64 0.3.0 NOTE

Check Details

Version: 0.3.0
Check: dependencies in R code
Result: NOTE
    Namespaces in Imports field not imported from:
     ‘httpuv’ ‘utils’
     All declared Imports should be used.
Flavors: r-devel-linux-x86_64-fedora-clang, r-devel-linux-x86_64-fedora-gcc, r-patched-solaris-x86, r-release-osx-x86_64, r-oldrel-osx-x86_64