CRAN Package Check Results for Package rosetta

Last updated on 2019-09-15 23:46:31 CEST.

Flavor Version Tinstall Tcheck Ttotal Status Flags
r-devel-linux-x86_64-debian-clang 0.1.1 6.17 50.05 56.22 OK
r-devel-linux-x86_64-debian-gcc 0.1.1 6.01 38.23 44.24 OK
r-devel-linux-x86_64-fedora-clang 0.1.1 66.04 NOTE
r-devel-linux-x86_64-fedora-gcc 0.1.1 63.68 NOTE
r-devel-windows-ix86+x86_64 0.1.1 22.00 82.00 104.00 OK
r-patched-linux-x86_64 0.1.1 5.50 49.13 54.63 OK
r-patched-solaris-x86 0.1.1 89.60 NOTE
r-release-linux-x86_64 0.1.1 5.77 48.41 54.18 OK
r-release-windows-ix86+x86_64 0.1.1 14.00 79.00 93.00 OK
r-release-osx-x86_64 0.1.1 NOTE
r-oldrel-windows-ix86+x86_64 0.1.1 15.00 58.00 73.00 OK
r-oldrel-osx-x86_64 0.1.1 NOTE

Check Details

Version: 0.1.1
Check: dependencies in R code
Result: NOTE
    Namespaces in Imports field not imported from:
     ‘gridExtra’ ‘methods’
     All declared Imports should be used.
Flavors: r-devel-linux-x86_64-fedora-clang, r-devel-linux-x86_64-fedora-gcc, r-patched-solaris-x86, r-release-osx-x86_64, r-oldrel-osx-x86_64