CRAN Package Check Results for Package rosetta

Last updated on 2020-02-17 00:49:25 CET.

Flavor Version Tinstall Tcheck Ttotal Status Flags
r-devel-linux-x86_64-debian-clang 0.2.0 9.84 69.72 79.56 OK
r-devel-linux-x86_64-debian-gcc 0.2.0 0.32 1.80 2.12 ERROR
r-devel-linux-x86_64-fedora-clang 0.2.0 95.79 NOTE
r-devel-linux-x86_64-fedora-gcc 0.2.0 91.37 NOTE
r-devel-windows-ix86+x86_64 0.2.0 23.00 83.00 106.00 OK
r-devel-windows-ix86+x86_64-gcc8 0.2.0 33.00 79.00 112.00 OK
r-patched-linux-x86_64 0.2.0 8.53 60.79 69.32 OK
r-patched-solaris-x86 0.2.0 115.10 NOTE
r-release-linux-x86_64 0.2.0 7.73 59.66 67.39 OK
r-release-windows-ix86+x86_64 0.2.0 15.00 75.00 90.00 OK
r-release-osx-x86_64 0.2.0 NOTE
r-oldrel-windows-ix86+x86_64 0.2.0 13.00 66.00 79.00 OK
r-oldrel-osx-x86_64 0.2.0 NOTE

Check Details

Version: 0.2.0
Check: package dependencies
Result: ERROR
    Package required but not available: ‘car’
    
    See section ‘The DESCRIPTION file’ in the ‘Writing R Extensions’
    manual.
Flavor: r-devel-linux-x86_64-debian-gcc

Version: 0.2.0
Check: dependencies in R code
Result: NOTE
    Namespaces in Imports field not imported from:
     ‘gridExtra’ ‘methods’
     All declared Imports should be used.
Flavors: r-devel-linux-x86_64-fedora-clang, r-devel-linux-x86_64-fedora-gcc, r-patched-solaris-x86, r-release-osx-x86_64, r-oldrel-osx-x86_64