CRAN Package Check Results for Package ropercenter

Last updated on 2022-10-06 23:56:19 CEST.

Flavor Version Tinstall Tcheck Ttotal Status Flags
r-devel-linux-x86_64-debian-clang 0.3.1 7.38 70.19 77.57 NOTE
r-devel-linux-x86_64-debian-gcc 0.3.1 6.36 51.56 57.92 NOTE
r-devel-linux-x86_64-fedora-clang 0.3.1 104.49 NOTE
r-devel-linux-x86_64-fedora-gcc 0.3.1 99.42 NOTE
r-devel-windows-x86_64 0.3.1 24.00 102.00 126.00 NOTE
r-patched-linux-x86_64 0.3.1 5.97 64.17 70.14 NOTE
r-release-linux-x86_64 0.3.1 5.04 64.48 69.52 NOTE
r-release-macos-arm64 0.3.1 34.00 NOTE
r-release-macos-x86_64 0.3.1 56.00 NOTE
r-release-windows-x86_64 0.3.1 14.00 99.00 113.00 NOTE
r-oldrel-macos-arm64 0.3.1 39.00 NOTE
r-oldrel-macos-x86_64 0.3.1 40.00 NOTE
r-oldrel-windows-ix86+x86_64 0.3.1 20.00 92.00 112.00 NOTE

Check Details

Version: 0.3.1
Check: LazyData
Result: NOTE
     'LazyData' is specified without a 'data' directory
Flavors: r-devel-linux-x86_64-debian-clang, r-devel-linux-x86_64-debian-gcc, r-devel-linux-x86_64-fedora-clang, r-devel-linux-x86_64-fedora-gcc, r-devel-windows-x86_64, r-patched-linux-x86_64, r-release-linux-x86_64, r-release-macos-arm64, r-release-macos-x86_64, r-release-windows-x86_64, r-oldrel-macos-arm64, r-oldrel-macos-x86_64, r-oldrel-windows-ix86+x86_64

Version: 0.3.1
Check: Rd cross-references
Result: NOTE
    Undeclared package ‘readroper’ in Rd xrefs
Flavor: r-devel-linux-x86_64-fedora-clang