CRAN Package Check Results for Package rolocISCCNBS

Last updated on 2023-05-30 00:59:56 CEST.

Flavor Version Tinstall Tcheck Ttotal Status Flags
r-devel-linux-x86_64-debian-clang 0.1 23.19 69.50 92.69 OK
r-devel-linux-x86_64-debian-gcc 0.1 19.47 55.50 74.97 OK
r-devel-linux-x86_64-fedora-clang 0.1 130.60 NOTE
r-devel-linux-x86_64-fedora-gcc 0.1 125.46 OK
r-devel-windows-x86_64 0.1 27.00 68.00 95.00 NOTE
r-patched-linux-x86_64 0.1 23.00 70.18 93.18 OK
r-release-linux-x86_64 0.1 20.88 71.31 92.19 OK
r-release-macos-arm64 0.1 47.00 NOTE
r-release-macos-x86_64 0.1 81.00 NOTE
r-release-windows-x86_64 0.1 30.00 70.00 100.00 NOTE
r-oldrel-macos-arm64 0.1 40.00 NOTE
r-oldrel-macos-x86_64 0.1 55.00 NOTE
r-oldrel-windows-x86_64 0.1 31.00 71.00 102.00 NOTE

Check Details

Version: 0.1
Check: installed package size
Result: NOTE
     installed size is 5.5Mb
     sub-directories of 1Mb or more:
     R 2.7Mb
     extdata 2.7Mb
Flavors: r-devel-linux-x86_64-fedora-clang, r-devel-windows-x86_64, r-release-macos-arm64, r-release-macos-x86_64, r-release-windows-x86_64, r-oldrel-macos-arm64, r-oldrel-macos-x86_64, r-oldrel-windows-x86_64