CRAN Package Check Results for Package roll

Last updated on 2021-03-02 23:48:42 CET.

Flavor Version Tinstall Tcheck Ttotal Status Flags
r-devel-linux-x86_64-debian-clang 1.1.6 NOTE
r-devel-linux-x86_64-debian-gcc 1.1.6 48.48 23.53 72.01 NOTE
r-devel-linux-x86_64-fedora-clang 1.1.6 128.41 NOTE
r-devel-linux-x86_64-fedora-gcc 1.1.6 122.34 NOTE
r-devel-windows-ix86+x86_64 1.1.6 136.00 78.00 214.00 NOTE
r-patched-linux-x86_64 1.1.6 52.19 29.04 81.23 NOTE
r-patched-solaris-x86 1.1.6 125.80 NOTE
r-release-linux-x86_64 1.1.6 52.90 28.75 81.65 NOTE
r-release-macos-x86_64 1.1.6 NOTE
r-release-windows-ix86+x86_64 1.1.6 100.00 70.00 170.00 NOTE
r-oldrel-macos-x86_64 1.1.6 NOTE
r-oldrel-windows-ix86+x86_64 1.1.6 121.00 72.00 193.00 NOTE

Check Details

Version: 1.1.6
Check: for GNU extensions in Makefiles
Result: NOTE
    GNU make is a SystemRequirements.
Flavors: r-devel-linux-x86_64-debian-clang, r-devel-linux-x86_64-debian-gcc, r-devel-linux-x86_64-fedora-clang, r-devel-linux-x86_64-fedora-gcc, r-devel-windows-ix86+x86_64, r-patched-linux-x86_64, r-patched-solaris-x86, r-release-linux-x86_64, r-release-macos-x86_64, r-release-windows-ix86+x86_64, r-oldrel-macos-x86_64, r-oldrel-windows-ix86+x86_64

Version: 1.1.6
Check: installed package size
Result: NOTE
     installed size is 5.8Mb
     sub-directories of 1Mb or more:
     libs 5.5Mb
Flavors: r-devel-linux-x86_64-fedora-clang, r-release-macos-x86_64, r-oldrel-macos-x86_64