CRAN Package Check Results for Package robustlmm

Last updated on 2019-07-15 00:50:48 CEST.

Flavor Version Tinstall Tcheck Ttotal Status Flags
r-devel-linux-x86_64-debian-clang 2.3 192.97 296.09 489.06 OK
r-devel-linux-x86_64-debian-gcc 2.3 171.59 229.42 401.01 OK
r-devel-linux-x86_64-fedora-clang 2.3 652.10 NOTE
r-devel-linux-x86_64-fedora-gcc 2.3 673.76 OK
r-devel-windows-ix86+x86_64 2.3 395.00 386.00 781.00 OK
r-patched-linux-x86_64 2.3 199.07 294.90 493.97 OK
r-patched-solaris-x86 2.3 661.70 OK
r-release-linux-x86_64 2.3 202.06 292.80 494.86 OK
r-release-windows-ix86+x86_64 2.3 413.00 395.00 808.00 OK
r-release-osx-x86_64 2.3 NOTE
r-oldrel-windows-ix86+x86_64 2.3 517.00 535.00 1052.00 OK
r-oldrel-osx-x86_64 2.3 NOTE

Check Details

Version: 2.3
Check: installed package size
Result: NOTE
     installed size is 31.8Mb
     sub-directories of 1Mb or more:
     libs 30.8Mb
Flavors: r-devel-linux-x86_64-fedora-clang, r-release-osx-x86_64, r-oldrel-osx-x86_64