CRAN Package Check Results for Package robustlmm

Last updated on 2019-05-21 02:47:24 CEST.

Flavor Version Tinstall Tcheck Ttotal Status Flags
r-devel-linux-x86_64-debian-clang 2.3 196.05 297.65 493.70 OK
r-devel-linux-x86_64-debian-gcc 2.3 177.47 230.24 407.71 OK
r-devel-linux-x86_64-fedora-clang 2.3 730.50 NOTE
r-devel-linux-x86_64-fedora-gcc 2.3 680.86 OK
r-devel-windows-ix86+x86_64 2.3 533.00 558.00 1091.00 OK
r-patched-linux-x86_64 2.3 201.66 290.52 492.18 OK
r-patched-solaris-x86 2.3 701.20 OK
r-release-linux-x86_64 2.3 206.31 291.06 497.37 OK
r-release-windows-ix86+x86_64 2.3 549.00 537.00 1086.00 OK
r-release-osx-x86_64 2.3 NOTE
r-oldrel-windows-ix86+x86_64 2.3 392.00 389.00 781.00 OK
r-oldrel-osx-x86_64 2.3 NOTE

Check Details

Version: 2.3
Check: installed package size
Result: NOTE
     installed size is 31.8Mb
     sub-directories of 1Mb or more:
     libs 30.8Mb
Flavors: r-devel-linux-x86_64-fedora-clang, r-release-osx-x86_64, r-oldrel-osx-x86_64