CRAN Package Check Results for Package robustlmm

Last updated on 2020-05-24 23:47:54 CEST.

Flavor Version Tinstall Tcheck Ttotal Status Flags
r-devel-linux-x86_64-debian-clang 2.3 242.69 308.49 551.18 OK
r-devel-linux-x86_64-debian-gcc 2.3 197.82 236.41 434.23 OK
r-devel-linux-x86_64-fedora-clang 2.3 709.88 NOTE
r-devel-linux-x86_64-fedora-gcc 2.3 735.64 OK
r-devel-windows-ix86+x86_64 2.3 587.00 614.00 1201.00 NOTE
r-patched-linux-x86_64 2.3 207.34 305.95 513.29 OK
r-patched-solaris-x86 2.3 694.50 OK
r-release-linux-x86_64 2.3 210.83 303.52 514.35 OK
r-release-osx-x86_64 2.3 NOTE
r-release-windows-ix86+x86_64 2.3 482.00 610.00 1092.00 NOTE
r-oldrel-osx-x86_64 2.3 NOTE
r-oldrel-windows-ix86+x86_64 2.3 439.00 556.00 995.00 OK

Additional issues

rchk

Check Details

Version: 2.3
Check: installed package size
Result: NOTE
     installed size is 34.8Mb
     sub-directories of 1Mb or more:
     libs 33.7Mb
Flavors: r-devel-linux-x86_64-fedora-clang, r-devel-windows-ix86+x86_64, r-release-osx-x86_64, r-release-windows-ix86+x86_64, r-oldrel-osx-x86_64