Last updated on 2023-05-29 00:59:43 CEST.
Flavor | Version | Tinstall | Tcheck | Ttotal | Status | Flags |
---|---|---|---|---|---|---|
r-devel-linux-x86_64-debian-clang | 3.2-0 | 78.58 | 381.62 | 460.20 | OK | |
r-devel-linux-x86_64-debian-gcc | 3.2-0 | 56.78 | 290.85 | 347.63 | OK | |
r-devel-linux-x86_64-fedora-clang | 3.2-0 | 592.34 | OK | |||
r-devel-linux-x86_64-fedora-gcc | 3.2-0 | 582.11 | OK | |||
r-devel-windows-x86_64 | 3.2-0 | 61.00 | 340.00 | 401.00 | NOTE | |
r-patched-linux-x86_64 | 3.2-0 | 62.64 | 372.29 | 434.93 | OK | |
r-release-linux-x86_64 | 3.2-0 | 61.76 | 364.32 | 426.08 | OK | |
r-release-macos-arm64 | 3.2-0 | 204.00 | NOTE | |||
r-release-macos-x86_64 | 3.2-0 | 313.00 | NOTE | |||
r-release-windows-x86_64 | 3.2-0 | 82.00 | 427.00 | 509.00 | NOTE | |
r-oldrel-macos-arm64 | 3.2-0 | 190.00 | NOTE | |||
r-oldrel-macos-x86_64 | 3.2-0 | 231.00 | NOTE | |||
r-oldrel-windows-x86_64 | 3.2-0 | 73.00 | 417.00 | 490.00 | NOTE |
Version: 3.2-0
Check: installed package size
Result: NOTE
installed size is 5.4Mb
sub-directories of 1Mb or more:
doc 1.7Mb
libs 1.3Mb
simulationStudy 1.6Mb
Flavors: r-devel-windows-x86_64, r-release-macos-arm64, r-release-macos-x86_64, r-release-windows-x86_64, r-oldrel-macos-arm64, r-oldrel-macos-x86_64, r-oldrel-windows-x86_64
Version: 3.2-0
Check: package dependencies
Result: NOTE
Package suggested but not available for checking: ‘robustvarComp’
Flavor: r-release-macos-x86_64