CRAN Package Check Results for Package robustlm

Last updated on 2022-06-28 23:54:14 CEST.

Flavor Version Tinstall Tcheck Ttotal Status Flags
r-devel-linux-x86_64-debian-clang 0.1.0 2.48 33.60 36.08 NOTE
r-devel-linux-x86_64-debian-gcc 0.1.0 2.04 25.08 27.12 NOTE
r-devel-linux-x86_64-fedora-clang 0.1.0 53.59 NOTE
r-devel-linux-x86_64-fedora-gcc 0.1.0 54.53 NOTE
r-devel-windows-x86_64 0.1.0 18.00 59.00 77.00 NOTE
r-patched-linux-x86_64 0.1.0 2.24 31.96 34.20 NOTE
r-release-linux-x86_64 0.1.0 2.45 32.07 34.52 NOTE
r-release-macos-arm64 0.1.0 16.00 NOTE
r-release-macos-x86_64 0.1.0 25.00 NOTE
r-release-windows-x86_64 0.1.0 14.00 63.00 77.00 NOTE
r-oldrel-macos-arm64 0.1.0 20.00 NOTE
r-oldrel-macos-x86_64 0.1.0 36.00 NOTE
r-oldrel-windows-ix86+x86_64 0.1.0 6.00 48.00 54.00 NOTE

Check Details

Version: 0.1.0
Check: LazyData
Result: NOTE
     'LazyData' is specified without a 'data' directory
Flavors: r-devel-linux-x86_64-debian-clang, r-devel-linux-x86_64-debian-gcc, r-devel-linux-x86_64-fedora-clang, r-devel-linux-x86_64-fedora-gcc, r-devel-windows-x86_64, r-patched-linux-x86_64, r-release-linux-x86_64, r-release-macos-arm64, r-release-macos-x86_64, r-release-windows-x86_64, r-oldrel-macos-arm64, r-oldrel-macos-x86_64, r-oldrel-windows-ix86+x86_64