CRAN Package Check Results for Package robustHD

Last updated on 2019-11-10 23:48:39 CET.

Flavor Version Tinstall Tcheck Ttotal Status Flags
r-devel-linux-x86_64-debian-clang 0.5.1 111.59 92.74 204.33 OK
r-devel-linux-x86_64-debian-gcc 0.5.1 82.26 68.97 151.23 OK
r-devel-linux-x86_64-fedora-clang 0.5.1 275.88 NOTE
r-devel-linux-x86_64-fedora-gcc 0.5.1 266.75 NOTE
r-devel-windows-ix86+x86_64 0.5.1 209.00 165.00 374.00 OK
r-patched-linux-x86_64 0.5.1 91.49 89.22 180.71 OK
r-patched-solaris-x86 0.5.1 264.50 OK
r-release-linux-x86_64 0.5.1 88.27 89.72 177.99 OK
r-release-windows-ix86+x86_64 0.5.1 263.00 173.00 436.00 OK
r-release-osx-x86_64 0.5.1 NOTE
r-oldrel-windows-ix86+x86_64 0.5.1 247.00 172.00 419.00 OK
r-oldrel-osx-x86_64 0.5.1 OK

Check Details

Version: 0.5.1
Check: installed package size
Result: NOTE
     installed size is 6.4Mb
     sub-directories of 1Mb or more:
     libs 5.8Mb
Flavors: r-devel-linux-x86_64-fedora-clang, r-release-osx-x86_64

Version: 0.5.1
Check: compiled code
Result: NOTE
    File ‘robustHD/libs/robustHD.so’:
     Found no calls to: ‘R_registerRoutines’, ‘R_useDynamicSymbols’
    
    It is good practice to register native routines and to disable symbol
    search.
    
    See ‘Writing portable packages’ in the ‘Writing R Extensions’ manual.
Flavors: r-devel-linux-x86_64-fedora-clang, r-devel-linux-x86_64-fedora-gcc