CRAN Package Check Results for Package robustHD

Last updated on 2019-07-15 00:50:48 CEST.

Flavor Version Tinstall Tcheck Ttotal Status Flags
r-devel-linux-x86_64-debian-clang 0.5.1 99.29 85.57 184.86 OK
r-devel-linux-x86_64-debian-gcc 0.5.1 78.55 65.31 143.86 OK
r-devel-linux-x86_64-fedora-clang 0.5.1 256.80 NOTE
r-devel-linux-x86_64-fedora-gcc 0.5.1 252.00 NOTE
r-devel-windows-ix86+x86_64 0.5.1 188.00 151.00 339.00 OK
r-patched-linux-x86_64 0.5.1 91.96 84.39 176.35 OK
r-patched-solaris-x86 0.5.1 263.20 OK
r-release-linux-x86_64 0.5.1 95.11 85.23 180.34 OK
r-release-windows-ix86+x86_64 0.5.1 189.00 196.00 385.00 OK
r-release-osx-x86_64 0.5.1 NOTE
r-oldrel-windows-ix86+x86_64 0.5.1 262.00 139.00 401.00 OK
r-oldrel-osx-x86_64 0.5.1 OK

Check Details

Version: 0.5.1
Check: installed package size
Result: NOTE
     installed size is 5.8Mb
     sub-directories of 1Mb or more:
     libs 5.2Mb
Flavors: r-devel-linux-x86_64-fedora-clang, r-release-osx-x86_64

Version: 0.5.1
Check: compiled code
Result: NOTE
    File ‘robustHD/libs/robustHD.so’:
     Found no calls to: ‘R_registerRoutines’, ‘R_useDynamicSymbols’
    
    It is good practice to register native routines and to disable symbol
    search.
    
    See ‘Writing portable packages’ in the ‘Writing R Extensions’ manual.
Flavors: r-devel-linux-x86_64-fedora-clang, r-devel-linux-x86_64-fedora-gcc