Last updated on 2022-07-01 23:53:32 CEST.
Flavor | Version | Tinstall | Tcheck | Ttotal | Status | Flags |
---|---|---|---|---|---|---|
r-devel-linux-x86_64-debian-clang | 0.7.2 | 124.66 | 140.45 | 265.11 | OK | |
r-devel-linux-x86_64-debian-gcc | 0.7.2 | 103.03 | 102.49 | 205.52 | OK | |
r-devel-linux-x86_64-fedora-clang | 0.7.2 | 372.81 | NOTE | |||
r-devel-linux-x86_64-fedora-gcc | 0.7.2 | 349.23 | OK | |||
r-devel-windows-x86_64 | 0.7.2 | 134.00 | 183.00 | 317.00 | OK | |
r-patched-linux-x86_64 | 0.7.2 | 106.19 | 134.77 | 240.96 | OK | |
r-release-linux-x86_64 | 0.7.2 | 103.87 | 131.44 | 235.31 | OK | |
r-release-macos-arm64 | 0.7.2 | 93.00 | NOTE | |||
r-release-macos-x86_64 | 0.7.2 | 164.00 | NOTE | |||
r-release-windows-x86_64 | 0.7.2 | 123.00 | 181.00 | 304.00 | OK | |
r-oldrel-macos-arm64 | 0.7.2 | 135.00 | NOTE | |||
r-oldrel-macos-x86_64 | 0.7.2 | 108.00 | NOTE | |||
r-oldrel-windows-ix86+x86_64 | 0.7.2 | 305.00 | 256.00 | 561.00 | OK |
Version: 0.7.2
Check: installed package size
Result: NOTE
installed size is 5.9Mb
sub-directories of 1Mb or more:
data 1.3Mb
libs 4.0Mb
Flavors: r-devel-linux-x86_64-fedora-clang, r-release-macos-arm64, r-release-macos-x86_64, r-oldrel-macos-arm64, r-oldrel-macos-x86_64