CRAN Package Check Results for Package robustBLME

Last updated on 2022-12-04 23:53:44 CET.

Flavor Version Tinstall Tcheck Ttotal Status Flags
r-devel-linux-x86_64-debian-clang 0.1.3 76.24 91.29 167.53 OK
r-devel-linux-x86_64-debian-gcc 0.1.3 58.12 69.71 127.83 OK
r-devel-linux-x86_64-fedora-clang 0.1.3 242.40 OK
r-devel-linux-x86_64-fedora-gcc 0.1.3 220.97 OK
r-devel-windows-x86_64 0.1.3 66.00 129.00 195.00 OK
r-patched-linux-x86_64 0.1.3 62.17 87.98 150.15 OK
r-release-linux-x86_64 0.1.3 62.01 87.32 149.33 OK
r-release-macos-arm64 0.1.3 55.00 OK
r-release-macos-x86_64 0.1.3 91.00 OK
r-release-windows-x86_64 0.1.3 76.00 139.00 215.00 OK
r-oldrel-macos-arm64 0.1.3 63.00 NOTE
r-oldrel-macos-x86_64 0.1.3 93.00 OK
r-oldrel-windows-ix86+x86_64 0.1.3 187.00 161.00 348.00 OK

Check Details

Version: 0.1.3
Check: installed package size
Result: NOTE
     installed size is 5.1Mb
     sub-directories of 1Mb or more:
     libs 4.9Mb
Flavor: r-oldrel-macos-arm64