CRAN Package Check Results for Package robumeta

Last updated on 2019-06-07 02:51:07 CEST.

Flavor Version Tinstall Tcheck Ttotal Status Flags
r-devel-linux-x86_64-debian-clang 2.0 2.99 26.23 29.22 OK
r-devel-linux-x86_64-debian-gcc 2.0 2.48 21.02 23.50 OK
r-devel-linux-x86_64-fedora-clang 2.0 35.74 NOTE
r-devel-linux-x86_64-fedora-gcc 2.0 34.29 NOTE
r-devel-windows-ix86+x86_64 2.0 13.00 43.00 56.00 OK
r-patched-linux-x86_64 2.0 2.67 26.45 29.12 OK
r-patched-solaris-x86 2.0 53.80 NOTE
r-release-linux-x86_64 2.0 2.93 26.41 29.34 OK
r-release-windows-ix86+x86_64 2.0 9.00 52.00 61.00 OK
r-release-osx-x86_64 2.0 NOTE
r-oldrel-windows-ix86+x86_64 2.0 14.00 49.00 63.00 OK
r-oldrel-osx-x86_64 2.0 NOTE

Check Details

Version: 2.0
Check: data for non-ASCII characters
Result: NOTE
     Note: found 6 marked UTF-8 strings
Flavors: r-devel-linux-x86_64-fedora-clang, r-devel-linux-x86_64-fedora-gcc, r-patched-solaris-x86, r-release-osx-x86_64, r-oldrel-osx-x86_64