CRAN Package Check Results for Package robumeta

Last updated on 2019-10-20 23:47:36 CEST.

Flavor Version Tinstall Tcheck Ttotal Status Flags
r-devel-linux-x86_64-debian-clang 2.0 2.73 26.44 29.17 OK
r-devel-linux-x86_64-debian-gcc 2.0 2.28 20.39 22.67 OK
r-devel-linux-x86_64-fedora-clang 2.0 36.81 NOTE
r-devel-linux-x86_64-fedora-gcc 2.0 36.81 NOTE
r-devel-windows-ix86+x86_64 2.0 8.00 37.00 45.00 OK
r-patched-linux-x86_64 2.0 2.93 25.42 28.35 OK
r-patched-solaris-x86 2.0 49.70 NOTE
r-release-linux-x86_64 2.0 2.26 25.80 28.06 OK
r-release-windows-ix86+x86_64 2.0 14.00 38.00 52.00 OK
r-release-osx-x86_64 2.0 NOTE
r-oldrel-windows-ix86+x86_64 2.0 8.00 34.00 42.00 OK
r-oldrel-osx-x86_64 2.0 NOTE

Check Details

Version: 2.0
Check: data for non-ASCII characters
Result: NOTE
     Note: found 6 marked UTF-8 strings
Flavors: r-devel-linux-x86_64-fedora-clang, r-devel-linux-x86_64-fedora-gcc, r-patched-solaris-x86, r-release-osx-x86_64, r-oldrel-osx-x86_64