CRAN Package Check Results for Package robumeta

Last updated on 2020-08-13 23:48:44 CEST.

Flavor Version Tinstall Tcheck Ttotal Status Flags
r-devel-linux-x86_64-debian-clang 2.0 3.10 28.18 31.28 NOTE
r-devel-linux-x86_64-debian-gcc 2.0 2.63 22.70 25.33 NOTE
r-devel-linux-x86_64-fedora-clang 2.0 48.35 NOTE
r-devel-linux-x86_64-fedora-gcc 2.0 38.12 NOTE
r-devel-windows-ix86+x86_64 2.0 11.00 52.00 63.00 OK
r-patched-linux-x86_64 2.0 2.98 28.51 31.49 NOTE
r-patched-solaris-x86 2.0 53.60 NOTE
r-release-linux-x86_64 2.0 3.70 28.98 32.68 NOTE
r-release-macos-x86_64 2.0 NOTE
r-release-windows-ix86+x86_64 2.0 9.00 51.00 60.00 OK
r-oldrel-macos-x86_64 2.0 NOTE
r-oldrel-windows-ix86+x86_64 2.0 9.00 48.00 57.00 OK

Check Details

Version: 2.0
Check: package dependencies
Result: NOTE
    Package suggested but not available for checking: 'clubSandwich'
Flavors: r-devel-linux-x86_64-debian-clang, r-devel-linux-x86_64-debian-gcc, r-devel-linux-x86_64-fedora-clang, r-devel-linux-x86_64-fedora-gcc, r-patched-linux-x86_64, r-patched-solaris-x86, r-release-linux-x86_64

Version: 2.0
Check: data for non-ASCII characters
Result: NOTE
     Note: found 6 marked UTF-8 strings
Flavors: r-devel-linux-x86_64-fedora-clang, r-devel-linux-x86_64-fedora-gcc, r-patched-solaris-x86, r-release-macos-x86_64, r-oldrel-macos-x86_64