CRAN Package Check Results for Package robumeta

Last updated on 2019-08-11 23:47:39 CEST.

Flavor Version Tinstall Tcheck Ttotal Status Flags
r-devel-linux-x86_64-debian-clang 2.0 2.82 26.98 29.80 OK
r-devel-linux-x86_64-debian-gcc 2.0 2.35 21.29 23.64 OK
r-devel-linux-x86_64-fedora-clang 2.0 35.45 NOTE
r-devel-linux-x86_64-fedora-gcc 2.0 35.04 NOTE
r-devel-windows-ix86+x86_64 2.0 11.00 52.00 63.00 OK
r-patched-linux-x86_64 2.0 2.98 26.86 29.84 OK
r-patched-solaris-x86 2.0 54.10 NOTE
r-release-linux-x86_64 2.0 3.23 26.66 29.89 OK
r-release-windows-ix86+x86_64 2.0 22.00 38.00 60.00 OK
r-release-osx-x86_64 2.0 NOTE
r-oldrel-windows-ix86+x86_64 2.0 6.00 53.00 59.00 OK
r-oldrel-osx-x86_64 2.0 NOTE

Check Details

Version: 2.0
Check: data for non-ASCII characters
Result: NOTE
     Note: found 6 marked UTF-8 strings
Flavors: r-devel-linux-x86_64-fedora-clang, r-devel-linux-x86_64-fedora-gcc, r-patched-solaris-x86, r-release-osx-x86_64, r-oldrel-osx-x86_64