CRAN Package Check Results for Package robregcc

Last updated on 2022-06-25 23:56:28 CEST.

Flavor Version Tinstall Tcheck Ttotal Status Flags
r-devel-linux-x86_64-debian-clang 1.1 50.10 42.21 92.31 OK
r-devel-linux-x86_64-debian-gcc 1.1 36.81 32.61 69.42 OK
r-devel-linux-x86_64-fedora-clang 1.1 136.66 OK
r-devel-linux-x86_64-fedora-gcc 1.1 127.83 OK
r-devel-windows-x86_64 1.1 58.00 88.00 146.00 OK
r-patched-linux-x86_64 1.1 37.79 41.83 79.62 OK
r-release-linux-x86_64 1.1 46.46 40.91 87.37 OK
r-release-macos-arm64 1.1 36.00 NOTE
r-release-macos-x86_64 1.1 47.00 NOTE
r-release-windows-x86_64 1.1 58.00 88.00 146.00 OK
r-oldrel-macos-arm64 1.1 35.00 NOTE
r-oldrel-macos-x86_64 1.1 73.00 OK
r-oldrel-windows-ix86+x86_64 1.1 111.00 96.00 207.00 OK

Check Details

Version: 1.1
Check: installed package size
Result: NOTE
     installed size is 5.0Mb
     sub-directories of 1Mb or more:
     libs 4.7Mb
Flavors: r-release-macos-arm64, r-release-macos-x86_64, r-oldrel-macos-arm64