CRAN Package Check Results for Package robotoolbox

Last updated on 2024-06-13 00:55:30 CEST.

Flavor Version Tinstall Tcheck Ttotal Status Flags
r-devel-linux-x86_64-debian-clang 1.3.2 9.88 126.22 136.10 OK
r-devel-linux-x86_64-debian-gcc 1.3.2 0.63 1.77 2.40 ERROR
r-devel-linux-x86_64-fedora-clang 1.3.2 175.84 NOTE
r-devel-linux-x86_64-fedora-gcc 1.3.2 179.88 NOTE
r-devel-windows-x86_64 1.3.2 10.00 112.00 122.00 OK
r-patched-linux-x86_64 1.3.2 7.02 123.95 130.97 OK
r-release-linux-x86_64 1.3.2 8.02 123.20 131.22 OK
r-release-macos-arm64 1.3.2 62.00 OK
r-release-macos-x86_64 1.3.2 91.00 OK
r-release-windows-x86_64 1.3.2 11.00 119.00 130.00 OK
r-oldrel-macos-arm64 1.3.2 61.00 OK
r-oldrel-macos-x86_64 1.3.2 230.00 OK
r-oldrel-windows-x86_64 1.3.2 13.00 129.00 142.00 OK

Check Details

Version: 1.3.2
Check: package dependencies
Result: ERROR Packages required but not available: 'dplyr', 'tidyr', 'purrr', 'tidyselect', 'tibble', 'dm', 'labelled', 'readr' Packages suggested but not available for checking: 'roxygen2', 'devtools', 'testthat', 'DiagrammeR' See section ‘The DESCRIPTION file’ in the ‘Writing R Extensions’ manual. Flavor: r-devel-linux-x86_64-debian-gcc

Version: 1.3.2
Check: data for non-ASCII characters
Result: NOTE Note: found 19 marked UTF-8 strings Flavors: r-devel-linux-x86_64-fedora-clang, r-devel-linux-x86_64-fedora-gcc