CRAN Package Check Results for Package roadoi

Last updated on 2019-11-10 23:48:39 CET.

Flavor Version Tinstall Tcheck Ttotal Status Flags
r-devel-linux-x86_64-debian-clang 0.6 4.14 45.73 49.87 OK
r-devel-linux-x86_64-debian-gcc 0.6 3.54 35.39 38.93 OK
r-devel-linux-x86_64-fedora-clang 0.6 61.34 OK
r-devel-linux-x86_64-fedora-gcc 0.6 58.59 OK
r-devel-windows-ix86+x86_64 0.6 14.00 99.00 113.00 OK
r-patched-linux-x86_64 0.6 4.31 43.44 47.75 OK
r-patched-solaris-x86 0.6 84.60 OK
r-release-linux-x86_64 0.6 3.05 41.29 44.34 WARN
r-release-windows-ix86+x86_64 0.6 20.00 140.00 160.00 OK
r-release-osx-x86_64 0.6 WARN
r-oldrel-windows-ix86+x86_64 0.6 9.00 138.00 147.00 OK
r-oldrel-osx-x86_64 0.6 OK

Check Details

Version: 0.6
Check: re-building of vignette outputs
Result: WARN
    Error(s) in re-building vignettes:
     ...
    --- re-building ‘intro.Rmd’ using rmarkdown
    Quitting from lines 188-195 (intro.Rmd)
    Error: processing vignette 'intro.Rmd' failed with diagnostics:
    Column `is_oa` is unknown
    --- failed re-building ‘intro.Rmd’
    
    SUMMARY: processing the following file failed:
     ‘intro.Rmd’
    
    Error: Vignette re-building failed.
    Execution halted
Flavor: r-release-linux-x86_64

Version: 0.6
Check: re-building of vignette outputs
Result: WARN
    Error(s) in re-building vignettes:
     ...
    --- re-building ‘intro.Rmd’ using rmarkdown
    Warning in engine$weave(file, quiet = quiet, encoding = enc) :
     Pandoc (>= 1.12.3) and/or pandoc-citeproc not available. Falling back to R Markdown v1.
    Quitting from lines 188-195 (intro.Rmd)
    Error: processing vignette 'intro.Rmd' failed with diagnostics:
    Column `is_oa` is unknown
    --- failed re-building ‘intro.Rmd’
    
    SUMMARY: processing the following file failed:
     ‘intro.Rmd’
    
    Error: Vignette re-building failed.
    Execution halted
Flavor: r-release-osx-x86_64