CRAN Package Check Results for Package roadoi

Last updated on 2019-07-15 00:50:48 CEST.

Flavor Version Tinstall Tcheck Ttotal Status Flags
r-devel-linux-x86_64-debian-clang 0.5.2 3.84 54.39 58.23 OK
r-devel-linux-x86_64-debian-gcc 0.5.2 3.44 42.79 46.23 OK
r-devel-linux-x86_64-fedora-clang 0.5.2 63.24 OK
r-devel-linux-x86_64-fedora-gcc 0.5.2 64.12 OK
r-devel-windows-ix86+x86_64 0.5.2 11.00 163.00 174.00 OK
r-patched-linux-x86_64 0.5.2 3.05 55.07 58.12 OK
r-patched-solaris-x86 0.5.2 92.40 OK
r-release-linux-x86_64 0.5.2 3.65 38.77 42.42 WARN
r-release-windows-ix86+x86_64 0.5.2 12.00 177.00 189.00 OK
r-release-osx-x86_64 0.5.2 OK
r-oldrel-windows-ix86+x86_64 0.5.2 11.00 192.00 203.00 OK
r-oldrel-osx-x86_64 0.5.2 OK

Check Details

Version: 0.5.2
Check: re-building of vignette outputs
Result: WARN
    Error(s) in re-building vignettes:
     ...
    --- re-building ‘intro.Rmd’ using rmarkdown
    Quitting from lines 160-167 (intro.Rmd)
    Error: processing vignette 'intro.Rmd' failed with diagnostics:
    no applicable method for ‘mutate_’ applied to an object of class "NULL"
    --- failed re-building ‘intro.Rmd’
    
    SUMMARY: processing the following file failed:
     ‘intro.Rmd’
    
    Error: Vignette re-building failed.
    Execution halted
Flavor: r-release-linux-x86_64