CRAN Package Check Results for Package rngtools

Last updated on 2021-04-21 23:48:15 CEST.

Flavor Version Tinstall Tcheck Ttotal Status Flags
r-devel-linux-x86_64-debian-clang 1.5 2.58 31.27 33.85 OK
r-devel-linux-x86_64-debian-gcc 1.5 1.82 24.70 26.52 OK
r-devel-linux-x86_64-fedora-clang 1.5 51.61 OK
r-devel-linux-x86_64-fedora-gcc 1.5 40.17 OK
r-devel-windows-ix86+x86_64 1.5 7.00 48.00 55.00 OK
r-devel-windows-x86_64-gcc10-UCRT 1.5 OK
r-patched-linux-x86_64 1.5 2.92 30.37 33.29 WARN
r-patched-solaris-x86 1.5 62.10 OK
r-release-linux-x86_64 1.5 2.76 30.51 33.27 OK
r-release-macos-x86_64 1.5 OK
r-release-windows-ix86+x86_64 1.5 8.00 53.00 61.00 OK
r-oldrel-macos-x86_64 1.5 OK
r-oldrel-windows-ix86+x86_64 1.5 4.00 48.00 52.00 OK

Check Details

Version: 1.5
Check: whether package can be installed
Result: WARN
    Found the following significant warnings:
     Rd warning: /tmp/RtmpjKTtKM/R.INSTALL1fc02a25819/rngtools/man/RNGseq.Rd:29: file link ‘RNGkind’ in package ‘base’ does not exist and so has been treated as a topic
     Rd warning: /tmp/RtmpjKTtKM/R.INSTALL1fc02a25819/rngtools/man/RNGseq.Rd:31: file link ‘RNGkind’ in package ‘base’ does not exist and so has been treated as a topic
     Rd warning: /tmp/RtmpjKTtKM/R.INSTALL1fc02a25819/rngtools/man/RNGstr.Rd:43: file link ‘RNGkind’ in package ‘base’ does not exist and so has been treated as a topic
Flavor: r-patched-linux-x86_64