CRAN Package Check Results for Package rmutil

Last updated on 2022-07-04 23:53:33 CEST.

Flavor Version Tinstall Tcheck Ttotal Status Flags
r-devel-linux-x86_64-debian-clang 1.1.9 19.56 79.27 98.83 NOTE
r-devel-linux-x86_64-debian-gcc 1.1.9 15.63 59.26 74.89 NOTE
r-devel-linux-x86_64-fedora-clang 1.1.9 127.44 NOTE
r-devel-linux-x86_64-fedora-gcc 1.1.9 132.84 NOTE
r-devel-windows-x86_64 1.1.9 60.00 96.00 156.00 NOTE
r-patched-linux-x86_64 1.1.9 18.22 76.03 94.25 OK
r-release-linux-x86_64 1.1.9 13.95 76.21 90.16 OK
r-release-macos-arm64 1.1.9 36.00 OK
r-release-macos-x86_64 1.1.9 44.00 OK
r-release-windows-x86_64 1.1.9 34.00 94.00 128.00 OK
r-oldrel-macos-arm64 1.1.9 35.00 OK
r-oldrel-macos-x86_64 1.1.9 54.00 OK
r-oldrel-windows-ix86+x86_64 1.1.9 34.00 95.00 129.00 OK

Check Details

Version: 1.1.9
Check: Rd files
Result: NOTE
    checkRd: (-1) wr.Rd:2: Escaped LaTeX specials: \&
Flavors: r-devel-linux-x86_64-debian-clang, r-devel-linux-x86_64-debian-gcc, r-devel-linux-x86_64-fedora-clang, r-devel-linux-x86_64-fedora-gcc, r-devel-windows-x86_64