CRAN Package Check Results for Package rmumps

Last updated on 2020-09-22 23:53:19 CEST.

Flavor Version Tinstall Tcheck Ttotal Status Flags
r-devel-linux-x86_64-debian-clang 5.2.1-12 253.95 61.28 315.23 NOTE
r-devel-linux-x86_64-debian-gcc 5.2.1-12 207.37 44.83 252.20 NOTE
r-devel-linux-x86_64-fedora-clang 5.2.1-12 486.51 NOTE
r-devel-linux-x86_64-fedora-gcc 5.2.1-12 420.16 WARN
r-devel-windows-ix86+x86_64 5.2.1-12 656.00 136.00 792.00 NOTE
r-patched-linux-x86_64 5.2.1-12 205.08 55.03 260.11 NOTE
r-patched-solaris-x86 5.2.1-12 355.80 NOTE
r-release-linux-x86_64 5.2.1-12 204.51 55.23 259.74 NOTE
r-release-macos-x86_64 5.2.1-12 NOTE
r-release-windows-ix86+x86_64 5.2.1-12 539.00 131.00 670.00 NOTE
r-oldrel-macos-x86_64 5.2.1-12 NOTE
r-oldrel-windows-ix86+x86_64 5.2.1-12 529.00 133.00 662.00 NOTE

Check Details

Version: 5.2.1-12
Check: for GNU extensions in Makefiles
Result: NOTE
    GNU make is a SystemRequirements.
Flavors: r-devel-linux-x86_64-debian-clang, r-devel-linux-x86_64-debian-gcc, r-devel-linux-x86_64-fedora-clang, r-devel-linux-x86_64-fedora-gcc, r-devel-windows-ix86+x86_64, r-patched-linux-x86_64, r-patched-solaris-x86, r-release-linux-x86_64, r-release-macos-x86_64, r-release-windows-ix86+x86_64, r-oldrel-macos-x86_64, r-oldrel-windows-ix86+x86_64

Version: 5.2.1-12
Check: installed package size
Result: NOTE
     installed size is 13.6Mb
     sub-directories of 1Mb or more:
     libs 13.2Mb
Flavors: r-devel-linux-x86_64-fedora-clang, r-devel-windows-ix86+x86_64, r-release-macos-x86_64, r-release-windows-ix86+x86_64, r-oldrel-macos-x86_64, r-oldrel-windows-ix86+x86_64

Version: 5.2.1-12
Check: whether package can be installed
Result: WARN
    Found the following significant warnings:
     graph_io_chac.c:106:7: warning: ignoring return value of ‘fscanf’ declared with attribute ‘warn_unused_result’ [-Wunused-result]
     graph_io_chac.c:179:9: warning: ignoring return value of ‘fscanf’ declared with attribute ‘warn_unused_result’ [-Wunused-result]
     graph_io_chac.c:208:7: warning: ignoring return value of ‘fscanf’ declared with attribute ‘warn_unused_result’ [-Wunused-result]
Flavor: r-devel-linux-x86_64-fedora-gcc