CRAN Package Check Results for Package rmgarch

Last updated on 2019-05-19 02:46:44 CEST.

Flavor Version Tinstall Tcheck Ttotal Status Flags
r-devel-linux-x86_64-debian-clang 1.3-6 124.73 215.38 340.11 OK
r-devel-linux-x86_64-debian-gcc 1.3-6 100.85 165.56 266.41 OK
r-devel-linux-x86_64-fedora-clang 1.3-6 471.07 NOTE
r-devel-linux-x86_64-fedora-gcc 1.3-6 443.83 OK
r-devel-windows-ix86+x86_64 1.3-6 273.00 323.00 596.00 NOTE
r-patched-linux-x86_64 1.3-6 116.25 215.52 331.77 OK
r-patched-solaris-x86 1.3-6 482.20 OK
r-release-linux-x86_64 1.3-6 116.96 218.41 335.37 OK
r-release-windows-ix86+x86_64 1.3-6 266.00 322.00 588.00 NOTE
r-release-osx-x86_64 1.3-6 NOTE
r-oldrel-windows-ix86+x86_64 1.3-6 422.00 316.00 738.00 NOTE
r-oldrel-osx-x86_64 1.3-6 NOTE

Check Details

Version: 1.3-6
Check: installed package size
Result: NOTE
     installed size is 8.7Mb
     sub-directories of 1Mb or more:
     R 2.1Mb
     libs 5.7Mb
Flavors: r-devel-linux-x86_64-fedora-clang, r-devel-windows-ix86+x86_64, r-release-windows-ix86+x86_64, r-release-osx-x86_64, r-oldrel-windows-ix86+x86_64, r-oldrel-osx-x86_64