CRAN Package Check Results for Package rmgarch

Last updated on 2020-05-24 23:47:54 CEST.

Flavor Version Tinstall Tcheck Ttotal Status Flags
r-devel-linux-x86_64-debian-clang 1.3-7 158.02 241.47 399.49 OK
r-devel-linux-x86_64-debian-gcc 1.3-7 116.75 184.34 301.09 OK
r-devel-linux-x86_64-fedora-clang 1.3-7 530.80 NOTE
r-devel-linux-x86_64-fedora-gcc 1.3-7 489.63 OK
r-devel-windows-ix86+x86_64 1.3-7 333.00 373.00 706.00 NOTE
r-patched-linux-x86_64 1.3-7 129.68 244.28 373.96 OK
r-patched-solaris-x86 1.3-7 532.40 OK
r-release-linux-x86_64 1.3-7 127.13 242.10 369.23 OK
r-release-osx-x86_64 1.3-7 NOTE
r-release-windows-ix86+x86_64 1.3-7 244.00 358.00 602.00 NOTE
r-oldrel-osx-x86_64 1.3-7 NOTE
r-oldrel-windows-ix86+x86_64 1.3-7 247.00 275.00 522.00 NOTE

Check Details

Version: 1.3-7
Check: installed package size
Result: NOTE
     installed size is 10.2Mb
     sub-directories of 1Mb or more:
     R 2.1Mb
     libs 7.1Mb
Flavors: r-devel-linux-x86_64-fedora-clang, r-devel-windows-ix86+x86_64, r-release-osx-x86_64, r-release-windows-ix86+x86_64, r-oldrel-osx-x86_64, r-oldrel-windows-ix86+x86_64