CRAN Package Check Results for Package rmgarch

Last updated on 2019-07-22 06:47:47 CEST.

Flavor Version Tinstall Tcheck Ttotal Status Flags
r-devel-linux-x86_64-debian-clang 1.3-6 135.23 214.84 350.07 OK
r-devel-linux-x86_64-debian-gcc 1.3-6 101.40 166.57 267.97 OK
r-devel-linux-x86_64-fedora-clang 1.3-6 447.87 NOTE
r-devel-linux-x86_64-fedora-gcc 1.3-6 495.60 OK
r-devel-windows-ix86+x86_64 1.3-6 211.00 329.00 540.00 NOTE
r-patched-linux-x86_64 1.3-6 116.69 215.98 332.67 OK
r-patched-solaris-x86 1.3-6 495.10 OK
r-release-linux-x86_64 1.3-6 113.77 218.17 331.94 OK
r-release-windows-ix86+x86_64 1.3-6 189.00 237.00 426.00 NOTE
r-release-osx-x86_64 1.3-6 NOTE
r-oldrel-windows-ix86+x86_64 1.3-6 265.00 235.00 500.00 NOTE
r-oldrel-osx-x86_64 1.3-6 NOTE

Check Details

Version: 1.3-6
Check: installed package size
Result: NOTE
     installed size is 8.7Mb
     sub-directories of 1Mb or more:
     R 2.1Mb
     libs 5.7Mb
Flavors: r-devel-linux-x86_64-fedora-clang, r-devel-windows-ix86+x86_64, r-release-windows-ix86+x86_64, r-release-osx-x86_64, r-oldrel-windows-ix86+x86_64, r-oldrel-osx-x86_64