CRAN Package Check Results for Package rmdcev

Last updated on 2021-02-23 23:50:45 CET.

Flavor Version Tinstall Tcheck Ttotal Status Flags
r-devel-linux-x86_64-debian-clang 1.2.4 409.95 212.06 622.01 NOTE
r-devel-linux-x86_64-debian-gcc 1.2.4 310.33 173.12 483.45 NOTE
r-devel-linux-x86_64-fedora-clang 1.2.4 831.36 NOTE
r-devel-linux-x86_64-fedora-gcc 1.2.4 822.41 NOTE
r-devel-windows-ix86+x86_64 1.2.4 550.00 387.00 937.00 NOTE
r-patched-linux-x86_64 1.2.4 273.66 228.68 502.34 NOTE
r-patched-solaris-x86 1.2.4 758.00 NOTE
r-release-linux-x86_64 1.2.4 269.37 222.26 491.63 NOTE
r-release-macos-x86_64 1.2.4 NOTE
r-release-windows-ix86+x86_64 1.2.4 805.00 380.00 1185.00 NOTE
r-oldrel-macos-x86_64 1.2.4 ERROR
r-oldrel-windows-ix86+x86_64 1.2.3 773.00 435.00 1208.00 NOTE

Check Details

Version: 1.2.4
Check: for GNU extensions in Makefiles
Result: NOTE
    GNU make is a SystemRequirements.
Flavors: r-devel-linux-x86_64-debian-clang, r-devel-linux-x86_64-debian-gcc, r-devel-linux-x86_64-fedora-clang, r-devel-linux-x86_64-fedora-gcc, r-devel-windows-ix86+x86_64, r-patched-linux-x86_64, r-patched-solaris-x86, r-release-linux-x86_64, r-release-macos-x86_64, r-release-windows-ix86+x86_64

Version: 1.2.4
Check: installed package size
Result: NOTE
     installed size is 76.0Mb
     sub-directories of 1Mb or more:
     libs 75.2Mb
Flavors: r-devel-linux-x86_64-fedora-clang, r-devel-windows-ix86+x86_64, r-release-macos-x86_64, r-release-windows-ix86+x86_64

Version: 1.2.4
Check: dependencies in R code
Result: NOTE
    Namespace in Imports field not imported from: ‘RcppParallel’
     All declared Imports should be used.
Flavors: r-devel-linux-x86_64-fedora-clang, r-devel-linux-x86_64-fedora-gcc, r-patched-solaris-x86, r-release-macos-x86_64

Version: 1.2.4
Check: whether package can be installed
Result: ERROR
    Installation failed.
Flavor: r-oldrel-macos-x86_64

Version: 1.2.3
Check: installed package size
Result: NOTE
     installed size is 7.0Mb
     sub-directories of 1Mb or more:
     libs 6.4Mb
Flavor: r-oldrel-windows-ix86+x86_64

Version: 1.2.3
Check: for GNU extensions in Makefiles
Result: NOTE
    GNU make is a SystemRequirements.
Flavor: r-oldrel-windows-ix86+x86_64