CRAN Package Check Results for Package rmdcev

Last updated on 2020-05-24 23:47:54 CEST.

Flavor Version Tinstall Tcheck Ttotal Status Flags
r-devel-linux-x86_64-debian-clang 1.1.1 362.15 169.09 531.24 NOTE
r-devel-linux-x86_64-debian-gcc 1.1.1 301.58 139.75 441.33 NOTE
r-devel-linux-x86_64-fedora-clang 1.1.1 685.55 NOTE
r-devel-linux-x86_64-fedora-gcc 1.1.1 749.12 NOTE
r-devel-windows-ix86+x86_64 1.1.1 762.00 400.00 1162.00 NOTE
r-patched-linux-x86_64 1.1.1 324.43 179.43 503.86 NOTE
r-patched-solaris-x86 1.1.1 701.80 NOTE
r-release-linux-x86_64 1.1.1 331.87 185.29 517.16 NOTE
r-release-osx-x86_64 1.1.1 NOTE
r-release-windows-ix86+x86_64 1.1.1 632.00 419.00 1051.00 NOTE
r-oldrel-osx-x86_64 1.1.1 NOTE
r-oldrel-windows-ix86+x86_64 1.1.1 568.00 403.00 971.00 NOTE

Check Details

Version: 1.1.1
Check: for GNU extensions in Makefiles
Result: NOTE
    GNU make is a SystemRequirements.
Flavors: r-devel-linux-x86_64-debian-clang, r-devel-linux-x86_64-debian-gcc, r-devel-linux-x86_64-fedora-clang, r-devel-linux-x86_64-fedora-gcc, r-devel-windows-ix86+x86_64, r-patched-linux-x86_64, r-patched-solaris-x86, r-release-linux-x86_64, r-release-osx-x86_64, r-release-windows-ix86+x86_64, r-oldrel-osx-x86_64, r-oldrel-windows-ix86+x86_64

Version: 1.1.1
Check: installed package size
Result: NOTE
     installed size is 60.7Mb
     sub-directories of 1Mb or more:
     libs 59.9Mb
Flavors: r-devel-linux-x86_64-fedora-clang, r-devel-windows-ix86+x86_64, r-release-osx-x86_64, r-release-windows-ix86+x86_64, r-oldrel-osx-x86_64, r-oldrel-windows-ix86+x86_64

Version: 1.1.1
Check: dependencies in R code
Result: NOTE
    Namespace in Imports field not imported from: ‘rlang’
     All declared Imports should be used.
Flavors: r-devel-linux-x86_64-fedora-clang, r-devel-linux-x86_64-fedora-gcc, r-patched-solaris-x86, r-release-osx-x86_64, r-oldrel-osx-x86_64