CRAN Package Check Results for Package rmd

Last updated on 2019-11-10 23:48:39 CET.

Flavor Version Tinstall Tcheck Ttotal Status Flags
r-devel-linux-x86_64-debian-clang 0.1.4 4.66 36.56 41.22 OK
r-devel-linux-x86_64-debian-gcc 0.1.4 3.67 29.66 33.33 OK
r-devel-linux-x86_64-fedora-clang 0.1.4 50.54 NOTE
r-devel-linux-x86_64-fedora-gcc 0.1.4 53.42 NOTE
r-devel-windows-ix86+x86_64 0.1.4 18.00 58.00 76.00 OK
r-patched-linux-x86_64 0.1.4 3.95 35.91 39.86 OK
r-patched-solaris-x86 0.1.4 84.10 NOTE
r-release-linux-x86_64 0.1.4 4.08 36.35 40.43 OK
r-release-windows-ix86+x86_64 0.1.4 21.00 54.00 75.00 OK
r-release-osx-x86_64 0.1.4 NOTE
r-oldrel-windows-ix86+x86_64 0.1.4 12.00 83.00 95.00 OK
r-oldrel-osx-x86_64 0.1.4 NOTE

Check Details

Version: 0.1.4
Check: dependencies in R code
Result: NOTE
    Namespaces in Imports field not imported from:
     ‘blogdown’ ‘bookdown’ ‘bookdownplus’ ‘citr’ ‘pagedown’ ‘rticles’
     ‘tinytex’ ‘xaringan’
     All declared Imports should be used.
Flavors: r-devel-linux-x86_64-fedora-clang, r-devel-linux-x86_64-fedora-gcc, r-patched-solaris-x86, r-release-osx-x86_64, r-oldrel-osx-x86_64