CRAN Package Check Results for Package rmd

Last updated on 2019-07-15 00:50:48 CEST.

Flavor Version Tinstall Tcheck Ttotal Status Flags
r-devel-linux-x86_64-debian-clang 0.1.4 4.42 35.62 40.04 OK
r-devel-linux-x86_64-debian-gcc 0.1.4 3.48 29.40 32.88 OK
r-devel-linux-x86_64-fedora-clang 0.1.4 50.74 NOTE
r-devel-linux-x86_64-fedora-gcc 0.1.4 46.15 NOTE
r-devel-windows-ix86+x86_64 0.1.4 15.00 50.00 65.00 OK
r-patched-linux-x86_64 0.1.4 3.97 35.83 39.80 OK
r-patched-solaris-x86 0.1.4 68.70 NOTE
r-release-linux-x86_64 0.1.4 4.35 36.03 40.38 OK
r-release-windows-ix86+x86_64 0.1.4 11.00 59.00 70.00 OK
r-release-osx-x86_64 0.1.4 NOTE
r-oldrel-windows-ix86+x86_64 0.1.4 10.00 76.00 86.00 OK
r-oldrel-osx-x86_64 0.1.4 NOTE

Check Details

Version: 0.1.4
Check: dependencies in R code
Result: NOTE
    Namespaces in Imports field not imported from:
     ‘blogdown’ ‘bookdown’ ‘bookdownplus’ ‘citr’ ‘pagedown’ ‘rticles’
     ‘tinytex’ ‘xaringan’
     All declared Imports should be used.
Flavors: r-devel-linux-x86_64-fedora-clang, r-devel-linux-x86_64-fedora-gcc, r-patched-solaris-x86, r-release-osx-x86_64, r-oldrel-osx-x86_64