CRAN Package Check Results for Package rmapzen

Last updated on 2019-05-19 02:46:44 CEST.

Flavor Version Tinstall Tcheck Ttotal Status Flags
r-devel-linux-x86_64-debian-clang 0.4.1 3.59 93.69 97.28 OK
r-devel-linux-x86_64-debian-gcc 0.4.1 3.56 69.80 73.36 OK
r-devel-linux-x86_64-fedora-clang 0.4.1 111.65 NOTE
r-devel-linux-x86_64-fedora-gcc 0.4.1 111.45 NOTE
r-devel-windows-ix86+x86_64 0.4.1 13.00 130.00 143.00 OK
r-patched-linux-x86_64 0.4.1 4.67 91.83 96.50 OK
r-patched-solaris-x86 0.4.1 136.30 NOTE
r-release-linux-x86_64 0.4.1 4.79 92.20 96.99 OK
r-release-windows-ix86+x86_64 0.4.1 14.00 140.00 154.00 OK
r-release-osx-x86_64 0.4.1 NOTE
r-oldrel-windows-ix86+x86_64 0.4.1 35.00 142.00 177.00 OK
r-oldrel-osx-x86_64 0.4.1 NOTE

Check Details

Version: 0.4.1
Check: data for non-ASCII characters
Result: NOTE
     Note: found 31 marked UTF-8 strings
Flavors: r-devel-linux-x86_64-fedora-clang, r-devel-linux-x86_64-fedora-gcc, r-patched-solaris-x86, r-release-osx-x86_64, r-oldrel-osx-x86_64