CRAN Package Check Results for Package rmapzen

Last updated on 2019-07-22 06:47:47 CEST.

Flavor Version Tinstall Tcheck Ttotal Status Flags
r-devel-linux-x86_64-debian-clang 0.4.1 4.00 92.89 96.89 OK
r-devel-linux-x86_64-debian-gcc 0.4.1 3.13 70.65 73.78 OK
r-devel-linux-x86_64-fedora-clang 0.4.1 109.19 NOTE
r-devel-linux-x86_64-fedora-gcc 0.4.1 119.60 NOTE
r-devel-windows-ix86+x86_64 0.4.1 9.00 135.00 144.00 OK
r-patched-linux-x86_64 0.4.1 4.00 92.12 96.12 OK
r-patched-solaris-x86 0.4.1 136.10 NOTE
r-release-linux-x86_64 0.4.1 3.69 92.02 95.71 OK
r-release-windows-ix86+x86_64 0.4.1 9.00 99.00 108.00 OK
r-release-osx-x86_64 0.4.1 NOTE
r-oldrel-windows-ix86+x86_64 0.4.1 8.00 144.00 152.00 OK
r-oldrel-osx-x86_64 0.4.1 NOTE

Check Details

Version: 0.4.1
Check: data for non-ASCII characters
Result: NOTE
     Note: found 31 marked UTF-8 strings
Flavors: r-devel-linux-x86_64-fedora-clang, r-devel-linux-x86_64-fedora-gcc, r-patched-solaris-x86, r-release-osx-x86_64, r-oldrel-osx-x86_64