CRAN Package Check Results for Package rmapzen

Last updated on 2020-05-24 23:47:54 CEST.

Flavor Version Tinstall Tcheck Ttotal Status Flags
r-devel-linux-x86_64-debian-clang 0.4.2 4.60 106.63 111.23 OK
r-devel-linux-x86_64-debian-gcc 0.4.2 4.04 78.33 82.37 OK
r-devel-linux-x86_64-fedora-clang 0.4.2 124.11 NOTE
r-devel-linux-x86_64-fedora-gcc 0.4.2 127.17 NOTE
r-devel-windows-ix86+x86_64 0.4.2 16.00 148.00 164.00 OK
r-patched-linux-x86_64 0.4.2 4.83 106.69 111.52 OK
r-patched-solaris-x86 0.4.2 153.30 NOTE
r-release-linux-x86_64 0.4.2 4.80 104.63 109.43 OK
r-release-osx-x86_64 0.4.2 NOTE
r-release-windows-ix86+x86_64 0.4.2 16.00 150.00 166.00 OK
r-oldrel-osx-x86_64 0.4.2 NOTE
r-oldrel-windows-ix86+x86_64 0.4.2 7.00 115.00 122.00 OK

Check Details

Version: 0.4.2
Check: data for non-ASCII characters
Result: NOTE
     Note: found 31 marked UTF-8 strings
Flavors: r-devel-linux-x86_64-fedora-clang, r-devel-linux-x86_64-fedora-gcc, r-patched-solaris-x86, r-release-osx-x86_64, r-oldrel-osx-x86_64

Version: 0.4.2
Check: dependencies in R code
Result: NOTE
    Missing or unexported object: ‘tidyr::one_of’
Flavor: r-oldrel-osx-x86_64