CRAN Package Check Results for Package rlas

Last updated on 2022-06-24 23:50:21 CEST.

Flavor Version Tinstall Tcheck Ttotal Status Flags
r-devel-linux-x86_64-debian-clang 1.6.0 456.10 37.27 493.37 OK
r-devel-linux-x86_64-debian-gcc 1.6.0 346.10 29.43 375.53 OK
r-devel-linux-x86_64-fedora-clang 1.6.0 772.98 NOTE
r-devel-linux-x86_64-fedora-gcc 1.6.0 626.43 OK
r-devel-windows-x86_64 1.6.0 362.00 104.00 466.00 OK
r-patched-linux-x86_64 1.6.0 379.51 37.00 416.51 OK
r-release-linux-x86_64 1.6.0 376.65 37.74 414.39 OK
r-release-macos-arm64 1.6.0 397.00 NOTE
r-release-macos-x86_64 1.6.0 309.00 NOTE
r-release-windows-x86_64 1.6.0 365.00 106.00 471.00 OK
r-oldrel-macos-arm64 1.6.0 185.00 NOTE
r-oldrel-macos-x86_64 1.6.0 331.00 NOTE
r-oldrel-windows-ix86+x86_64 1.6.0 1130.00 101.00 1231.00 ERROR

Check Details

Version: 1.6.0
Check: installed package size
Result: NOTE
     installed size is 8.3Mb
     sub-directories of 1Mb or more:
     libs 7.8Mb
Flavors: r-devel-linux-x86_64-fedora-clang, r-release-macos-arm64, r-release-macos-x86_64, r-oldrel-macos-arm64, r-oldrel-macos-x86_64, r-oldrel-windows-ix86+x86_64

Version: 1.6.0
Check: running tests for arch ‘i386’
Result: ERROR
     Running 'tinytest.R' [2s]
    Running the tests in 'tests/tinytest.R' failed.
    Complete output:
     > if ( requireNamespace("tinytest", quietly=TRUE) ){
     + tinytest::test_package("rlas")
     + }
    
     test-altrep_iolas.R........... 0 tests
     test-altrep_iolas.R........... 0 tests
     test-altrep_iolas.R........... 0 tests
     test-altrep_iolas.R........... 0 tests
     test-altrep_iolas.R........... 1 tests <1b>[0;32mOK<1b>[0m
     test-altrep_iolas.R........... 2 tests <1b>[0;32mOK<1b>[0m
     test-altrep_iolas.R........... 3 tests <1b>[0;32mOK<1b>[0m
     test-altrep_iolas.R........... 4 tests <1b>[0;32mOK<1b>[0m
     test-altrep_iolas.R........... 5 tests <1b>[0;31m1 fails<1b>[0m
     test-altrep_iolas.R........... 5 tests <1b>[0;31m1 fails<1b>[0m
     test-altrep_iolas.R........... 5 tests <1b>[0;31m1 fails<1b>[0m
     test-altrep_iolas.R........... 5 tests <1b>[0;31m1 fails<1b>[0m
     test-altrep_iolas.R........... 6 tests <1b>[0;31m1 fails<1b>[0m
     test-altrep_iolas.R........... 6 tests <1b>[0;31m1 fails<1b>[0m
     test-altrep_iolas.R........... 6 tests <1b>[0;31m1 fails<1b>[0m
     test-altrep_iolas.R........... 6 tests <1b>[0;31m1 fails<1b>[0m
     test-altrep_iolas.R........... 7 tests <1b>[0;31m1 fails<1b>[0m <1b>[0;34m0.3s<1b>[0m
    
     test-crs.R.................... 0 tests
     test-crs.R.................... 0 tests
     test-crs.R.................... 0 tests
     test-crs.R.................... 0 tests
     test-crs.R.................... 0 tests
     test-crs.R.................... 1 tests <1b>[0;32mOK<1b>[0m
     test-crs.R.................... 1 tests <1b>[0;32mOK<1b>[0m
     test-crs.R.................... 2 tests <1b>[0;32mOK<1b>[0m
     test-crs.R.................... 2 tests <1b>[0;32mOK<1b>[0m
     test-crs.R.................... 3 tests <1b>[0;32mOK<1b>[0m
     test-crs.R.................... 4 tests <1b>[0;32mOK<1b>[0m
     test-crs.R.................... 4 tests <1b>[0;32mOK<1b>[0m
     test-crs.R.................... 4 tests <1b>[0;32mOK<1b>[0m
     test-crs.R.................... 4 tests <1b>[0;32mOK<1b>[0m
     test-crs.R.................... 4 tests <1b>[0;32mOK<1b>[0m
     test-crs.R.................... 5 tests <1b>[0;32mOK<1b>[0m
     test-crs.R.................... 6 tests <1b>[0;32mOK<1b>[0m
     test-crs.R.................... 6 tests <1b>[0;32mOK<1b>[0m
     test-crs.R.................... 6 tests <1b>[0;32mOK<1b>[0m
     test-crs.R.................... 6 tests <1b>[0;32mOK<1b>[0m
     test-crs.R.................... 6 tests <1b>[0;32mOK<1b>[0m
     test-crs.R.................... 7 tests <1b>[0;32mOK<1b>[0m
     test-crs.R.................... 8 tests <1b>[0;32mOK<1b>[0m
     test-crs.R.................... 9 tests <1b>[0;32mOK<1b>[0m <1b>[0;36m31ms<1b>[0m
    
     test-extrabytes.R............. 0 tests
     test-extrabytes.R............. 0 tests
     test-extrabytes.R............. 0 tests
     test-extrabytes.R............. 0 tests
     test-extrabytes.R............. 0 tests
     test-extrabytes.R............. 0 tests
     test-extrabytes.R............. 0 tests
     test-extrabytes.R............. 1 tests <1b>[0;32mOK<1b>[0m
     test-extrabytes.R............. 2 tests <1b>[0;32mOK<1b>[0m
     test-extrabytes.R............. 3 tests <1b>[0;32mOK<1b>[0m
     test-extrabytes.R............. 3 tests <1b>[0;32mOK<1b>[0m
     test-extrabytes.R............. 3 tests <1b>[0;32mOK<1b>[0m
     test-extrabytes.R............. 3 tests <1b>[0;32mOK<1b>[0m
     test-extrabytes.R............. 4 tests <1b>[0;32mOK<1b>[0m
     test-extrabytes.R............. 5 tests <1b>[0;32mOK<1b>[0m
     test-extrabytes.R............. 6 tests <1b>[0;32mOK<1b>[0m
     test-extrabytes.R............. 7 tests <1b>[0;32mOK<1b>[0m
     test-extrabytes.R............. 8 tests <1b>[0;32mOK<1b>[0m
     test-extrabytes.R............. 8 tests <1b>[0;32mOK<1b>[0m
     test-extrabytes.R............. 8 tests <1b>[0;32mOK<1b>[0m
     test-extrabytes.R............. 9 tests <1b>[0;32mOK<1b>[0m
     test-extrabytes.R............. 10 tests <1b>[0;32mOK<1b>[0m
     test-extrabytes.R............. 11 tests <1b>[0;32mOK<1b>[0m
     test-extrabytes.R............. 11 tests <1b>[0;32mOK<1b>[0m
     test-extrabytes.R............. 11 tests <1b>[0;32mOK<1b>[0m
     test-extrabytes.R............. 11 tests <1b>[0;32mOK<1b>[0m
     test-extrabytes.R............. 12 tests <1b>[0;32mOK<1b>[0m
     test-extrabytes.R............. 13 tests <1b>[0;32mOK<1b>[0m
     test-extrabytes.R............. 14 tests <1b>[0;32mOK<1b>[0m
     test-extrabytes.R............. 15 tests <1b>[0;32mOK<1b>[0m
     test-extrabytes.R............. 16 tests <1b>[0;32mOK<1b>[0m
     test-extrabytes.R............. 16 tests <1b>[0;32mOK<1b>[0m
     test-extrabytes.R............. 16 tests <1b>[0;32mOK<1b>[0m
     test-extrabytes.R............. 16 tests <1b>[0;32mOK<1b>[0m
     test-extrabytes.R............. 16 tests <1b>[0;32mOK<1b>[0m
     test-extrabytes.R............. 17 tests <1b>[0;32mOK<1b>[0m
     test-extrabytes.R............. 18 tests <1b>[0;32mOK<1b>[0m
     test-extrabytes.R............. 19 tests <1b>[0;32mOK<1b>[0m
     test-extrabytes.R............. 20 tests <1b>[0;32mOK<1b>[0m
     test-extrabytes.R............. 20 tests <1b>[0;32mOK<1b>[0m
     test-extrabytes.R............. 20 tests <1b>[0;32mOK<1b>[0m
     test-extrabytes.R............. 20 tests <1b>[0;32mOK<1b>[0m
     test-extrabytes.R............. 21 tests <1b>[0;32mOK<1b>[0m
     test-extrabytes.R............. 22 tests <1b>[0;32mOK<1b>[0m
     test-extrabytes.R............. 23 tests <1b>[0;32mOK<1b>[0m
     test-extrabytes.R............. 24 tests <1b>[0;32mOK<1b>[0m
     test-extrabytes.R............. 25 tests <1b>[0;32mOK<1b>[0m
     test-extrabytes.R............. 26 tests <1b>[0;32mOK<1b>[0m
     test-extrabytes.R............. 26 tests <1b>[0;32mOK<1b>[0m
     test-extrabytes.R............. 26 tests <1b>[0;32mOK<1b>[0m
     test-extrabytes.R............. 26 tests <1b>[0;32mOK<1b>[0m
     test-extrabytes.R............. 26 tests <1b>[0;32mOK<1b>[0m
     test-extrabytes.R............. 27 tests <1b>[0;32mOK<1b>[0m
     test-extrabytes.R............. 28 tests <1b>[0;32mOK<1b>[0m
     test-extrabytes.R............. 29 tests <1b>[0;32mOK<1b>[0m
     test-extrabytes.R............. 30 tests <1b>[0;32mOK<1b>[0m
     test-extrabytes.R............. 30 tests <1b>[0;32mOK<1b>[0m
     test-extrabytes.R............. 30 tests <1b>[0;32mOK<1b>[0m
     test-extrabytes.R............. 30 tests <1b>[0;32mOK<1b>[0m
     test-extrabytes.R............. 31 tests <1b>[0;32mOK<1b>[0m
     test-extrabytes.R............. 32 tests <1b>[0;32mOK<1b>[0m
     test-extrabytes.R............. 33 tests <1b>[0;32mOK<1b>[0m
     test-extrabytes.R............. 34 tests <1b>[0;32mOK<1b>[0m
     test-extrabytes.R............. 35 tests <1b>[0;32mOK<1b>[0m
     test-extrabytes.R............. 36 tests <1b>[0;32mOK<1b>[0m
     test-extrabytes.R............. 36 tests <1b>[0;32mOK<1b>[0m
     test-extrabytes.R............. 36 tests <1b>[0;32mOK<1b>[0m
     test-extrabytes.R............. 36 tests <1b>[0;32mOK<1b>[0m
     test-extrabytes.R............. 37 tests <1b>[0;32mOK<1b>[0m
     test-extrabytes.R............. 38 tests <1b>[0;32mOK<1b>[0m
     test-extrabytes.R............. 39 tests <1b>[0;32mOK<1b>[0m
     test-extrabytes.R............. 40 tests <1b>[0;32mOK<1b>[0m
     test-extrabytes.R............. 40 tests <1b>[0;32mOK<1b>[0m
     test-extrabytes.R............. 40 tests <1b>[0;32mOK<1b>[0m
     test-extrabytes.R............. 40 tests <1b>[0;32mOK<1b>[0m
     test-extrabytes.R............. 41 tests <1b>[0;32mOK<1b>[0m
     test-extrabytes.R............. 42 tests <1b>[0;32mOK<1b>[0m
     test-extrabytes.R............. 43 tests <1b>[0;32mOK<1b>[0m
     test-extrabytes.R............. 44 tests <1b>[0;32mOK<1b>[0m
     test-extrabytes.R............. 45 tests <1b>[0;32mOK<1b>[0m
     test-extrabytes.R............. 46 tests <1b>[0;32mOK<1b>[0m
     test-extrabytes.R............. 46 tests <1b>[0;32mOK<1b>[0m
     test-extrabytes.R............. 46 tests <1b>[0;32mOK<1b>[0m
     test-extrabytes.R............. 46 tests <1b>[0;32mOK<1b>[0m
     test-extrabytes.R............. 47 tests <1b>[0;32mOK<1b>[0m
     test-extrabytes.R............. 48 tests <1b>[0;32mOK<1b>[0m
     test-extrabytes.R............. 49 tests <1b>[0;32mOK<1b>[0m
     test-extrabytes.R............. 50 tests <1b>[0;32mOK<1b>[0m
     test-extrabytes.R............. 50 tests <1b>[0;32mOK<1b>[0m
     test-extrabytes.R............. 50 tests <1b>[0;32mOK<1b>[0m
     test-extrabytes.R............. 50 tests <1b>[0;32mOK<1b>[0m
     test-extrabytes.R............. 51 tests <1b>[0;32mOK<1b>[0m
     test-extrabytes.R............. 52 tests <1b>[0;32mOK<1b>[0m
     test-extrabytes.R............. 53 tests <1b>[0;32mOK<1b>[0m
     test-extrabytes.R............. 54 tests <1b>[0;32mOK<1b>[0m
     test-extrabytes.R............. 55 tests <1b>[0;32mOK<1b>[0m
     test-extrabytes.R............. 56 tests <1b>[0;32mOK<1b>[0m
     test-extrabytes.R............. 56 tests <1b>[0;32mOK<1b>[0m
     test-extrabytes.R............. 56 tests <1b>[0;32mOK<1b>[0m
     test-extrabytes.R............. 57 tests <1b>[0;32mOK<1b>[0m
     test-extrabytes.R............. 58 tests <1b>[0;32mOK<1b>[0m
     test-extrabytes.R............. 59 tests <1b>[0;32mOK<1b>[0m
     test-extrabytes.R............. 59 tests <1b>[0;32mOK<1b>[0m
     test-extrabytes.R............. 59 tests <1b>[0;32mOK<1b>[0m
     test-extrabytes.R............. 59 tests <1b>[0;32mOK<1b>[0m
     test-extrabytes.R............. 59 tests <1b>[0;32mOK<1b>[0m
     test-extrabytes.R............. 59 tests <1b>[0;32mOK<1b>[0m
     test-extrabytes.R............. 60 tests <1b>[0;32mOK<1b>[0m
     test-extrabytes.R............. 61 tests <1b>[0;32mOK<1b>[0m
     test-extrabytes.R............. 62 tests <1b>[0;32mOK<1b>[0m
     test-extrabytes.R............. 63 tests <1b>[0;32mOK<1b>[0m
     test-extrabytes.R............. 64 tests <1b>[0;32mOK<1b>[0m
     test-extrabytes.R............. 64 tests <1b>[0;32mOK<1b>[0m
     test-extrabytes.R............. 64 tests <1b>[0;32mOK<1b>[0m
     test-extrabytes.R............. 65 tests <1b>[0;32mOK<1b>[0m
     test-extrabytes.R............. 66 tests <1b>[0;32mOK<1b>[0m
     test-extrabytes.R............. 67 tests <1b>[0;32mOK<1b>[0m
     test-extrabytes.R............. 67 tests <1b>[0;32mOK<1b>[0m
     test-extrabytes.R............. 67 tests <1b>[0;32mOK<1b>[0m
     test-extrabytes.R............. 67 tests <1b>[0;32mOK<1b>[0m
     test-extrabytes.R............. 67 tests <1b>[0;32mOK<1b>[0m
     test-extrabytes.R............. 67 tests <1b>[0;32mOK<1b>[0m
     test-extrabytes.R............. 68 tests <1b>[0;32mOK<1b>[0m
     test-extrabytes.R............. 69 tests <1b>[0;32mOK<1b>[0m
     test-extrabytes.R............. 70 tests <1b>[0;32mOK<1b>[0m
     test-extrabytes.R............. 71 tests <1b>[0;32mOK<1b>[0m
     test-extrabytes.R............. 72 tests <1b>[0;32mOK<1b>[0m
     test-extrabytes.R............. 72 tests <1b>[0;32mOK<1b>[0m
     test-extrabytes.R............. 72 tests <1b>[0;32mOK<1b>[0m
     test-extrabytes.R............. 73 tests <1b>[0;32mOK<1b>[0m
     test-extrabytes.R............. 74 tests <1b>[0;32mOK<1b>[0m
     test-extrabytes.R............. 75 tests <1b>[0;32mOK<1b>[0m
     test-extrabytes.R............. 75 tests <1b>[0;32mOK<1b>[0m
     test-extrabytes.R............. 75 tests <1b>[0;32mOK<1b>[0m
     test-extrabytes.R............. 75 tests <1b>[0;32mOK<1b>[0m
     test-extrabytes.R............. 75 tests <1b>[0;32mOK<1b>[0m
     test-extrabytes.R............. 75 tests <1b>[0;32mOK<1b>[0m
     test-extrabytes.R............. 76 tests <1b>[0;32mOK<1b>[0m
     test-extrabytes.R............. 77 tests <1b>[0;32mOK<1b>[0m
     test-extrabytes.R............. 78 tests <1b>[0;32mOK<1b>[0m
     test-extrabytes.R............. 79 tests <1b>[0;32mOK<1b>[0m
     test-extrabytes.R............. 80 tests <1b>[0;32mOK<1b>[0m
     test-extrabytes.R............. 81 tests <1b>[0;32mOK<1b>[0m
     test-extrabytes.R............. 81 tests <1b>[0;32mOK<1b>[0m
     test-extrabytes.R............. 82 tests <1b>[0;32mOK<1b>[0m
     test-extrabytes.R............. 83 tests <1b>[0;32mOK<1b>[0m
     test-extrabytes.R............. 83 tests <1b>[0;32mOK<1b>[0m
     test-extrabytes.R............. 84 tests <1b>[0;32mOK<1b>[0m <1b>[0;34m0.1s<1b>[0m
    
     test-header_tools.R........... 0 tests
     test-header_tools.R........... 0 tests
     test-header_tools.R........... 0 tests
     test-header_tools.R........... 0 tests
     test-header_tools.R........... 1 tests <1b>[0;32mOK<1b>[0m
     test-header_tools.R........... 1 tests <1b>[0;32mOK<1b>[0m
     test-header_tools.R........... 1 tests <1b>[0;32mOK<1b>[0m
     test-header_tools.R........... 1 tests <1b>[0;32mOK<1b>[0m
     test-header_tools.R........... 1 tests <1b>[0;32mOK<1b>[0m
     test-header_tools.R........... 1 tests <1b>[0;32mOK<1b>[0m
     test-header_tools.R........... 1 tests <1b>[0;32mOK<1b>[0m
     test-header_tools.R........... 1 tests <1b>[0;32mOK<1b>[0m
     test-header_tools.R........... 2 tests <1b>[0;32mOK<1b>[0m
     test-header_tools.R........... 3 tests <1b>[0;32mOK<1b>[0m <1b>[0;36m31ms<1b>[0m
    
     test-las-specification.R...... 0 tests
     test-las-specification.R...... 0 tests
     test-las-specification.R...... 0 tests
     test-las-specification.R...... 0 tests
     test-las-specification.R...... 0 tests
     test-las-specification.R...... 0 tests
     test-las-specification.R...... 0 tests
     test-las-specification.R...... 1 tests <1b>[0;32mOK<1b>[0m
     test-las-specification.R...... 2 tests <1b>[0;32mOK<1b>[0m
     test-las-specification.R...... 3 tests <1b>[0;32mOK<1b>[0m
     test-las-specification.R...... 4 tests <1b>[0;32mOK<1b>[0m
     test-las-specification.R...... 4 tests <1b>[0;32mOK<1b>[0m
     test-las-specification.R...... 4 tests <1b>[0;32mOK<1b>[0m
     test-las-specification.R...... 5 tests <1b>[0;32mOK<1b>[0m
     test-las-specification.R...... 6 tests <1b>[0;32mOK<1b>[0m
     test-las-specification.R...... 7 tests <1b>[0;32mOK<1b>[0m
     test-las-specification.R...... 7 tests <1b>[0;32mOK<1b>[0m
     test-las-specification.R...... 7 tests <1b>[0;32mOK<1b>[0m
     test-las-specification.R...... 7 tests <1b>[0;32mOK<1b>[0m
     test-las-specification.R...... 8 tests <1b>[0;32mOK<1b>[0m
     test-las-specification.R...... 9 tests <1b>[0;32mOK<1b>[0m
     test-las-specification.R...... 9 tests <1b>[0;32mOK<1b>[0m
     test-las-specification.R...... 10 tests <1b>[0;32mOK<1b>[0m <1b>[0;36m16ms<1b>[0m
    
     test-readheader.R............. 0 tests
     test-readheader.R............. 0 tests
     test-readheader.R............. 1 tests <1b>[0;32mOK<1b>[0m
     test-readheader.R............. 2 tests <1b>[0;32mOK<1b>[0m
     test-readheader.R............. 3 tests <1b>[0;32mOK<1b>[0m
     test-readheader.R............. 4 tests <1b>[0;32mOK<1b>[0m <1b>[0;36m16ms<1b>[0m
    
     test-readlas.R................ 0 tests
     test-readlas.R................ 0 tests
     test-readlas.R................ 0 tests
     test-readlas.R................ 0 tests
     test-readlas.R................ 1 tests <1b>[0;32mOK<1b>[0m
     test-readlas.R................ 2 tests <1b>[0;32mOK<1b>[0m
     test-readlas.R................ 3 tests <1b>[0;32mOK<1b>[0m
     test-readlas.R................ 4 tests <1b>[0;32mOK<1b>[0m
     test-readlas.R................ 5 tests <1b>[0;32mOK<1b>[0m
     test-readlas.R................ 6 tests <1b>[0;32mOK<1b>[0m
     test-readlas.R................ 7 tests <1b>[0;32mOK<1b>[0m
     test-readlas.R................ 8 tests <1b>[0;32mOK<1b>[0m
     test-readlas.R................ 9 tests <1b>[0;32mOK<1b>[0m
     test-readlas.R................ 10 tests <1b>[0;32mOK<1b>[0m
     test-readlas.R................ 11 tests <1b>[0;32mOK<1b>[0m
     test-readlas.R................ 12 tests <1b>[0;32mOK<1b>[0m
     test-readlas.R................ 13 tests <1b>[0;32mOK<1b>[0m
     test-readlas.R................ 14 tests <1b>[0;32mOK<1b>[0m
     test-readlas.R................ 15 tests <1b>[0;32mOK<1b>[0m
     test-readlas.R................ 15 tests <1b>[0;32mOK<1b>[0m
     test-readlas.R................ 16 tests <1b>[0;32mOK<1b>[0m
     test-readlas.R................ 17 tests <1b>[0;32mOK<1b>[0m
     test-readlas.R................ 17 tests <1b>[0;32mOK<1b>[0m
     test-readlas.R................ 18 tests <1b>[0;32mOK<1b>[0m
     test-readlas.R................ 18 tests <1b>[0;32mOK<1b>[0m
     test-readlas.R................ 19 tests <1b>[0;32mOK<1b>[0m
     test-readlas.R................ 20 tests <1b>[0;32mOK<1b>[0m
     test-readlas.R................ 20 tests <1b>[0;32mOK<1b>[0m
     test-readlas.R................ 21 tests <1b>[0;32mOK<1b>[0m
     test-readlas.R................ 22 tests <1b>[0;32mOK<1b>[0m
     test-readlas.R................ 23 tests <1b>[0;32mOK<1b>[0m
     test-readlas.R................ 24 tests <1b>[0;32mOK<1b>[0m
     test-readlas.R................ 25 tests <1b>[0;32mOK<1b>[0m
     test-readlas.R................ 25 tests <1b>[0;32mOK<1b>[0m
     test-readlas.R................ 26 tests <1b>[0;32mOK<1b>[0m
     test-readlas.R................ 27 tests <1b>[0;32mOK<1b>[0m
     test-readlas.R................ 28 tests <1b>[0;32mOK<1b>[0m
     test-readlas.R................ 29 tests <1b>[0;32mOK<1b>[0m
     test-readlas.R................ 30 tests <1b>[0;32mOK<1b>[0m
     test-readlas.R................ 30 tests <1b>[0;32mOK<1b>[0m
     test-readlas.R................ 30 tests <1b>[0;32mOK<1b>[0m
     test-readlas.R................ 31 tests <1b>[0;32mOK<1b>[0m
     test-readlas.R................ 31 tests <1b>[0;32mOK<1b>[0m
     test-readlas.R................ 31 tests <1b>[0;32mOK<1b>[0m
     test-readlas.R................ 32 tests <1b>[0;32mOK<1b>[0m
     test-readlas.R................ 32 tests <1b>[0;32mOK<1b>[0m
     test-readlas.R................ 32 tests <1b>[0;32mOK<1b>[0m
     test-readlas.R................ 32 tests <1b>[0;32mOK<1b>[0m
     test-readlas.R................ 32 tests <1b>[0;32mOK<1b>[0m
     test-readlas.R................ 32 tests <1b>[0;32mOK<1b>[0m
     test-readlas.R................ 33 tests <1b>[0;32mOK<1b>[0m
     test-readlas.R................ 33 tests <1b>[0;32mOK<1b>[0m
     test-readlas.R................ 33 tests <1b>[0;32mOK<1b>[0m
     test-readlas.R................ 33 tests <1b>[0;32mOK<1b>[0m
     test-readlas.R................ 33 tests <1b>[0;32mOK<1b>[0m
     test-readlas.R................ 33 tests <1b>[0;32mOK<1b>[0m
     test-readlas.R................ 34 tests <1b>[0;32mOK<1b>[0m
     test-readlas.R................ 34 tests <1b>[0;32mOK<1b>[0m
     test-readlas.R................ 34 tests <1b>[0;32mOK<1b>[0m
     test-readlas.R................ 34 tests <1b>[0;32mOK<1b>[0m
     test-readlas.R................ 34 tests <1b>[0;32mOK<1b>[0m
     test-readlas.R................ 35 tests <1b>[0;32mOK<1b>[0m
     test-readlas.R................ 35 tests <1b>[0;32mOK<1b>[0m
     test-readlas.R................ 35 tests <1b>[0;32mOK<1b>[0m
     test-readlas.R................ 35 tests <1b>[0;32mOK<1b>[0m
     test-readlas.R................ 35 tests <1b>[0;32mOK<1b>[0m
     test-readlas.R................ 36 tests <1b>[0;32mOK<1b>[0m
     test-readlas.R................ 36 tests <1b>[0;32mOK<1b>[0m
     test-readlas.R................ 36 tests <1b>[0;32mOK<1b>[0m
     test-readlas.R................ 36 tests <1b>[0;32mOK<1b>[0m
     test-readlas.R................ 36 tests <1b>[0;32mOK<1b>[0m
     test-readlas.R................ 37 tests <1b>[0;32mOK<1b>[0m
     test-readlas.R................ 37 tests <1b>[0;32mOK<1b>[0m
     test-readlas.R................ 37 tests <1b>[0;32mOK<1b>[0m
     test-readlas.R................ 37 tests <1b>[0;32mOK<1b>[0m
     test-readlas.R................ 37 tests <1b>[0;32mOK<1b>[0m
     test-readlas.R................ 38 tests <1b>[0;32mOK<1b>[0m
     test-readlas.R................ 38 tests <1b>[0;32mOK<1b>[0m
     test-readlas.R................ 38 tests <1b>[0;32mOK<1b>[0m
     test-readlas.R................ 39 tests <1b>[0;32mOK<1b>[0m
     test-readlas.R................ 40 tests <1b>[0;32mOK<1b>[0m
     test-readlas.R................ 41 tests <1b>[0;32mOK<1b>[0m
     test-readlas.R................ 41 tests <1b>[0;32mOK<1b>[0m
     test-readlas.R................ 41 tests <1b>[0;32mOK<1b>[0m
     test-readlas.R................ 42 tests <1b>[0;32mOK<1b>[0m
     test-readlas.R................ 43 tests <1b>[0;32mOK<1b>[0m
     test-readlas.R................ 44 tests <1b>[0;32mOK<1b>[0m
     test-readlas.R................ 44 tests <1b>[0;32mOK<1b>[0m
     test-readlas.R................ 45 tests <1b>[0;32mOK<1b>[0m
     test-readlas.R................ 45 tests <1b>[0;32mOK<1b>[0m
     test-readlas.R................ 46 tests <1b>[0;32mOK<1b>[0m
     test-readlas.R................ 47 tests <1b>[0;32mOK<1b>[0m
     test-readlas.R................ 48 tests <1b>[0;32mOK<1b>[0m
     test-readlas.R................ 48 tests <1b>[0;32mOK<1b>[0m
     test-readlas.R................ 49 tests <1b>[0;32mOK<1b>[0m
     test-readlas.R................ 50 tests <1b>[0;32mOK<1b>[0m
     test-readlas.R................ 51 tests <1b>[0;32mOK<1b>[0m
     test-readlas.R................ 51 tests <1b>[0;32mOK<1b>[0m <1b>[0;34m0.2s<1b>[0m [Exited at #174: Skip on CRAN]
    
     test-readlas14.R.............. 0 tests <1b>[0;36m0ms<1b>[0m [Exited at #3: Skip on CRAN]
    
     test-writelas.R............... 0 tests
     test-writelas.R............... 0 tests
     test-writelas.R............... 0 tests
     test-writelas.R............... 0 tests
     test-writelas.R............... 0 tests
     test-writelas.R............... 0 tests
     test-writelas.R............... 0 tests
     test-writelas.R............... 1 tests <1b>[0;32mOK<1b>[0m
     test-writelas.R............... 2 tests <1b>[0;32mOK<1b>[0m
     test-writelas.R............... 2 tests <1b>[0;32mOK<1b>[0m
     test-writelas.R............... 2 tests <1b>[0;32mOK<1b>[0m
     test-writelas.R............... 2 tests <1b>[0;32mOK<1b>[0m
     test-writelas.R............... 2 tests <1b>[0;32mOK<1b>[0m
     test-writelas.R............... 2 tests <1b>[0;32mOK<1b>[0m
     test-writelas.R............... 3 tests <1b>[0;32mOK<1b>[0m
     test-writelas.R............... 3 tests <1b>[0;32mOK<1b>[0m
     test-writelas.R............... 3 tests <1b>[0;32mOK<1b>[0m
     test-writelas.R............... 4 tests <1b>[0;32mOK<1b>[0m
     test-writelas.R............... 4 tests <1b>[0;32mOK<1b>[0m
     test-writelas.R............... 4 tests <1b>[0;32mOK<1b>[0m
     test-writelas.R............... 5 tests <1b>[0;32mOK<1b>[0m
     test-writelas.R............... 6 tests <1b>[0;32mOK<1b>[0m
     test-writelas.R............... 6 tests <1b>[0;32mOK<1b>[0m
     test-writelas.R............... 6 tests <1b>[0;32mOK<1b>[0m
     test-writelas.R............... 6 tests <1b>[0;32mOK<1b>[0m
     test-writelas.R............... 6 tests <1b>[0;32mOK<1b>[0m
     test-writelas.R............... 6 tests <1b>[0;32mOK<1b>[0m
     test-writelas.R............... 6 tests <1b>[0;32mOK<1b>[0m
     test-writelas.R............... 6 tests <1b>[0;32mOK<1b>[0m
     test-writelas.R............... 6 tests <1b>[0;32mOK<1b>[0m
     test-writelas.R............... 6 tests <1b>[0;32mOK<1b>[0m
     test-writelas.R............... 6 tests <1b>[0;32mOK<1b>[0m
     test-writelas.R............... 6 tests <1b>[0;32mOK<1b>[0m
     test-writelas.R............... 6 tests <1b>[0;32mOK<1b>[0m
     test-writelas.R............... 6 tests <1b>[0;32mOK<1b>[0m
     test-writelas.R............... 7 tests <1b>[0;32mOK<1b>[0m
     test-writelas.R............... 8 tests <1b>[0;32mOK<1b>[0m
     test-writelas.R............... 9 tests <1b>[0;32mOK<1b>[0m
     test-writelas.R............... 10 tests <1b>[0;32mOK<1b>[0m
     test-writelas.R............... 11 tests <1b>[0;32mOK<1b>[0m
     test-writelas.R............... 12 tests <1b>[0;32mOK<1b>[0m
     test-writelas.R............... 12 tests <1b>[0;32mOK<1b>[0m
     test-writelas.R............... 12 tests <1b>[0;32mOK<1b>[0m
     test-writelas.R............... 12 tests <1b>[0;32mOK<1b>[0m
     test-writelas.R............... 12 tests <1b>[0;32mOK<1b>[0m
     test-writelas.R............... 12 tests <1b>[0;32mOK<1b>[0m
     test-writelas.R............... 13 tests <1b>[0;32mOK<1b>[0m
     test-writelas.R............... 14 tests <1b>[0;32mOK<1b>[0m
     test-writelas.R............... 15 tests <1b>[0;32mOK<1b>[0m
     test-writelas.R............... 15 tests <1b>[0;32mOK<1b>[0m
     test-writelas.R............... 15 tests <1b>[0;32mOK<1b>[0m
     test-writelas.R............... 15 tests <1b>[0;32mOK<1b>[0m
     test-writelas.R............... 15 tests <1b>[0;32mOK<1b>[0m
     test-writelas.R............... 15 tests <1b>[0;32mOK<1b>[0m
     test-writelas.R............... 16 tests <1b>[0;32mOK<1b>[0m
     test-writelas.R............... 17 tests <1b>[0;32mOK<1b>[0m
     test-writelas.R............... 17 tests <1b>[0;32mOK<1b>[0m <1b>[0;36m94ms<1b>[0m [Exited at #99: Skip on CRAN]
    
     test_altrep-serialization.R... 0 tests
     test_altrep-serialization.R... 0 tests
     test_altrep-serialization.R... 0 tests
     test_altrep-serialization.R... 0 tests
     test_altrep-serialization.R... 0 tests
     test_altrep-serialization.R... 0 tests
     test_altrep-serialization.R... 0 tests
     test_altrep-serialization.R... 0 tests
     test_altrep-serialization.R... 0 tests
     test_altrep-serialization.R... 0 tests
     test_altrep-serialization.R... 0 tests
     test_altrep-serialization.R... 0 tests
     test_altrep-serialization.R... 1 tests <1b>[0;32mOK<1b>[0m
     test_altrep-serialization.R... 2 tests <1b>[0;32mOK<1b>[0m
     test_altrep-serialization.R... 3 tests <1b>[0;32mOK<1b>[0m
     test_altrep-serialization.R... 4 tests <1b>[0;32mOK<1b>[0m
     test_altrep-serialization.R... 5 tests <1b>[0;32mOK<1b>[0m
     test_altrep-serialization.R... 6 tests <1b>[0;32mOK<1b>[0m
     test_altrep-serialization.R... 7 tests <1b>[0;32mOK<1b>[0m
     test_altrep-serialization.R... 8 tests <1b>[0;32mOK<1b>[0m
     test_altrep-serialization.R... 9 tests <1b>[0;32mOK<1b>[0m
     test_altrep-serialization.R... 10 tests <1b>[0;32mOK<1b>[0m
     test_altrep-serialization.R... 11 tests <1b>[0;32mOK<1b>[0m
     test_altrep-serialization.R... 12 tests <1b>[0;32mOK<1b>[0m
     test_altrep-serialization.R... 13 tests <1b>[0;32mOK<1b>[0m
     test_altrep-serialization.R... 14 tests <1b>[0;32mOK<1b>[0m
     test_altrep-serialization.R... 15 tests <1b>[0;32mOK<1b>[0m <1b>[0;36m16ms<1b>[0m
    
     test_altrep.R................. 0 tests
     test_altrep.R................. 0 tests
     test_altrep.R................. 0 tests
     test_altrep.R................. 0 tests
     test_altrep.R................. 0 tests
     test_altrep.R................. 0 tests
     test_altrep.R................. 1 tests <1b>[0;32mOK<1b>[0m
     test_altrep.R................. 2 tests <1b>[0;32mOK<1b>[0m
     test_altrep.R................. 3 tests <1b>[0;32mOK<1b>[0m
     test_altrep.R................. 4 tests <1b>[0;32mOK<1b>[0m
     test_altrep.R................. 5 tests <1b>[0;32mOK<1b>[0m
     test_altrep.R................. 6 tests <1b>[0;32mOK<1b>[0m
     test_altrep.R................. 7 tests <1b>[0;32mOK<1b>[0m
     test_altrep.R................. 8 tests <1b>[0;32mOK<1b>[0m
     test_altrep.R................. 9 tests <1b>[0;32mOK<1b>[0m
     test_altrep.R................. 10 tests <1b>[0;32mOK<1b>[0m
     test_altrep.R................. 11 tests <1b>[0;32mOK<1b>[0m
     test_altrep.R................. 12 tests <1b>[0;32mOK<1b>[0m
     test_altrep.R................. 13 tests <1b>[0;32mOK<1b>[0m
     test_altrep.R................. 14 tests <1b>[0;32mOK<1b>[0m
     test_altrep.R................. 15 tests <1b>[0;32mOK<1b>[0m
     test_altrep.R................. 15 tests <1b>[0;32mOK<1b>[0m
     test_altrep.R................. 15 tests <1b>[0;32mOK<1b>[0m
     test_altrep.R................. 15 tests <1b>[0;32mOK<1b>[0m
     test_altrep.R................. 16 tests <1b>[0;32mOK<1b>[0m
     test_altrep.R................. 17 tests <1b>[0;32mOK<1b>[0m
     test_altrep.R................. 18 tests <1b>[0;32mOK<1b>[0m
     test_altrep.R................. 19 tests <1b>[0;32mOK<1b>[0m
     test_altrep.R................. 20 tests <1b>[0;32mOK<1b>[0m
     test_altrep.R................. 21 tests <1b>[0;32mOK<1b>[0m
     test_altrep.R................. 22 tests <1b>[0;32mOK<1b>[0m
     test_altrep.R................. 23 tests <1b>[0;32mOK<1b>[0m
     test_altrep.R................. 24 tests <1b>[0;32mOK<1b>[0m
     test_altrep.R................. 25 tests <1b>[0;32mOK<1b>[0m
     test_altrep.R................. 26 tests <1b>[0;32mOK<1b>[0m
     test_altrep.R................. 27 tests <1b>[0;32mOK<1b>[0m
     test_altrep.R................. 27 tests <1b>[0;32mOK<1b>[0m
     test_altrep.R................. 27 tests <1b>[0;32mOK<1b>[0m
     test_altrep.R................. 27 tests <1b>[0;32mOK<1b>[0m
     test_altrep.R................. 28 tests <1b>[0;32mOK<1b>[0m
     test_altrep.R................. 29 tests <1b>[0;32mOK<1b>[0m
     test_altrep.R................. 30 tests <1b>[0;32mOK<1b>[0m
     test_altrep.R................. 31 tests <1b>[0;32mOK<1b>[0m
     test_altrep.R................. 32 tests <1b>[0;32mOK<1b>[0m
     test_altrep.R................. 33 tests <1b>[0;32mOK<1b>[0m
     test_altrep.R................. 34 tests <1b>[0;32mOK<1b>[0m
     test_altrep.R................. 35 tests <1b>[0;32mOK<1b>[0m
     test_altrep.R................. 36 tests <1b>[0;32mOK<1b>[0m
     test_altrep.R................. 36 tests <1b>[0;32mOK<1b>[0m
     test_altrep.R................. 36 tests <1b>[0;32mOK<1b>[0m
     test_altrep.R................. 36 tests <1b>[0;32mOK<1b>[0m
     test_altrep.R................. 37 tests <1b>[0;32mOK<1b>[0m
     test_altrep.R................. 38 tests <1b>[0;32mOK<1b>[0m
     test_altrep.R................. 39 tests <1b>[0;32mOK<1b>[0m
     test_altrep.R................. 40 tests <1b>[0;32mOK<1b>[0m
     test_altrep.R................. 41 tests <1b>[0;32mOK<1b>[0m
     test_altrep.R................. 42 tests <1b>[0;32mOK<1b>[0m
     test_altrep.R................. 43 tests <1b>[0;32mOK<1b>[0m
     test_altrep.R................. 44 tests <1b>[0;32mOK<1b>[0m
     test_altrep.R................. 45 tests <1b>[0;32mOK<1b>[0m <1b>[0;36m16ms<1b>[0m
     ----- FAILED[data]: test-altrep_iolas.R<10--10>
     call| expect_true(utils::object.size(data) > true_size(data))
     diff| Expected TRUE, got FALSE
     Error: 1 out of 245 tests failed
     Execution halted
Flavor: r-oldrel-windows-ix86+x86_64