CRAN Package Check Results for Package rlas

Last updated on 2020-09-26 23:46:43 CEST.

Flavor Version Tinstall Tcheck Ttotal Status Flags
r-devel-linux-x86_64-debian-clang 1.3.6 155.01 34.71 189.72 OK
r-devel-linux-x86_64-debian-gcc 1.3.6 116.85 26.86 143.71 OK
r-devel-linux-x86_64-fedora-clang 1.3.6 303.42 NOTE
r-devel-linux-x86_64-fedora-gcc 1.3.6 250.85 OK
r-devel-windows-ix86+x86_64 1.3.6 431.00 99.00 530.00 NOTE
r-patched-linux-x86_64 1.3.6 123.99 33.27 157.26 OK
r-patched-solaris-x86 1.3.6 217.40 OK
r-release-linux-x86_64 1.3.6 122.70 33.04 155.74 OK
r-release-macos-x86_64 1.3.6 NOTE
r-release-windows-ix86+x86_64 1.3.6 371.00 97.00 468.00 NOTE
r-oldrel-macos-x86_64 1.3.6 NOTE
r-oldrel-windows-ix86+x86_64 1.3.6 388.00 99.00 487.00 NOTE

Check Details

Version: 1.3.6
Check: installed package size
Result: NOTE
     installed size is 10.2Mb
     sub-directories of 1Mb or more:
     libs 9.6Mb
Flavors: r-devel-linux-x86_64-fedora-clang, r-devel-windows-ix86+x86_64, r-release-macos-x86_64, r-release-windows-ix86+x86_64, r-oldrel-macos-x86_64, r-oldrel-windows-ix86+x86_64