CRAN Package Check Results for Package rijkspalette

Last updated on 2021-01-18 23:49:43 CET.

Flavor Version Tinstall Tcheck Ttotal Status Flags
r-devel-linux-x86_64-debian-clang 1.0.1 1.98 22.27 24.25 OK
r-devel-linux-x86_64-debian-gcc 1.0.1 1.46 17.89 19.35 OK
r-devel-linux-x86_64-fedora-clang 1.0.1 39.46 NOTE
r-devel-linux-x86_64-fedora-gcc 1.0.1 29.29 NOTE
r-devel-windows-ix86+x86_64 1.0.1 4.00 32.00 36.00 OK
r-patched-linux-x86_64 1.0.1 1.98 21.39 23.37 OK
r-patched-solaris-x86 1.0.1 46.70 NOTE
r-release-linux-x86_64 1.0.1 1.93 21.68 23.61 OK
r-release-macos-x86_64 1.0.1 NOTE
r-release-windows-ix86+x86_64 1.0.1 4.00 37.00 41.00 OK
r-oldrel-macos-x86_64 1.0.1 NOTE
r-oldrel-windows-ix86+x86_64 1.0.1 3.00 30.00 33.00 OK

Check Details

Version: 1.0.1
Check: dependencies in R code
Result: NOTE
    Namespace in Imports field not imported from: ‘curl’
     All declared Imports should be used.
Flavors: r-devel-linux-x86_64-fedora-clang, r-devel-linux-x86_64-fedora-gcc, r-patched-solaris-x86, r-release-macos-x86_64, r-oldrel-macos-x86_64