Last updated on 2022-07-02 23:50:46 CEST.
Flavor | Version | Tinstall | Tcheck | Ttotal | Status | Flags |
---|---|---|---|---|---|---|
r-devel-linux-x86_64-debian-clang | 1.1.3 | 7.91 | 366.25 | 374.16 | NOTE | |
r-devel-linux-x86_64-debian-gcc | 1.1.3 | 5.14 | 265.15 | 270.29 | NOTE | |
r-devel-linux-x86_64-fedora-clang | 1.1.3 | 456.90 | NOTE | |||
r-devel-linux-x86_64-fedora-gcc | 1.1.3 | 451.12 | NOTE | |||
r-devel-windows-x86_64 | 1.1.3 | 22.00 | 442.00 | 464.00 | NOTE | |
r-patched-linux-x86_64 | 1.1.3 | 6.28 | 360.97 | 367.25 | NOTE | |
r-release-linux-x86_64 | 1.1.3 | 4.40 | 363.81 | 368.21 | NOTE | |
r-release-macos-arm64 | 1.1.3 | 213.00 | NOTE | |||
r-release-macos-x86_64 | 1.1.3 | 310.00 | NOTE | |||
r-release-windows-x86_64 | 1.1.3 | 20.00 | 460.00 | 480.00 | NOTE | |
r-oldrel-macos-arm64 | 1.1.3 | 310.00 | NOTE | |||
r-oldrel-macos-x86_64 | 1.1.3 | 230.00 | NOTE | |||
r-oldrel-windows-ix86+x86_64 | 1.1.3 | 17.00 | 532.00 | 549.00 | NOTE |
Version: 1.1.3
Check: LazyData
Result: NOTE
'LazyData' is specified without a 'data' directory
Flavors: r-devel-linux-x86_64-debian-clang, r-devel-linux-x86_64-debian-gcc, r-devel-linux-x86_64-fedora-clang, r-devel-linux-x86_64-fedora-gcc, r-devel-windows-x86_64, r-patched-linux-x86_64, r-release-linux-x86_64, r-release-macos-arm64, r-release-macos-x86_64, r-release-windows-x86_64, r-oldrel-macos-arm64, r-oldrel-macos-x86_64, r-oldrel-windows-ix86+x86_64