CRAN Package Check Results for Package rgoogleslides

Last updated on 2022-08-06 23:57:14 CEST.

Flavor Version Tinstall Tcheck Ttotal Status Flags
r-devel-linux-x86_64-debian-clang 0.3.2 5.26 28.32 33.58 NOTE
r-devel-linux-x86_64-debian-gcc 0.3.2 3.85 21.99 25.84 NOTE
r-devel-linux-x86_64-fedora-clang 0.3.2 51.91 NOTE
r-devel-linux-x86_64-fedora-gcc 0.3.2 50.59 NOTE
r-devel-windows-x86_64 0.3.2 61.00 53.00 114.00 NOTE
r-patched-linux-x86_64 0.3.2 9.19 28.16 37.35 NOTE
r-release-linux-x86_64 0.3.2 4.99 27.68 32.67 NOTE
r-release-macos-arm64 0.3.2 17.00 NOTE
r-release-macos-x86_64 0.3.2 25.00 NOTE
r-release-windows-x86_64 0.3.2 61.00 52.00 113.00 NOTE
r-oldrel-macos-arm64 0.3.2 21.00 NOTE
r-oldrel-macos-x86_64 0.3.2 30.00 NOTE
r-oldrel-windows-ix86+x86_64 0.3.2 11.00 46.00 57.00 NOTE

Check Details

Version: 0.3.2
Check: LazyData
Result: NOTE
     'LazyData' is specified without a 'data' directory
Flavors: r-devel-linux-x86_64-debian-clang, r-devel-linux-x86_64-debian-gcc, r-devel-linux-x86_64-fedora-clang, r-devel-linux-x86_64-fedora-gcc, r-devel-windows-x86_64, r-patched-linux-x86_64, r-release-linux-x86_64, r-release-macos-arm64, r-release-macos-x86_64, r-release-windows-x86_64, r-oldrel-macos-arm64, r-oldrel-macos-x86_64, r-oldrel-windows-ix86+x86_64