Last updated on 2019-02-20 02:49:13 CET.
Flavor | Version | Tinstall | Tcheck | Ttotal | Status | Flags |
---|---|---|---|---|---|---|
r-devel-linux-x86_64-debian-clang | 0.99.16 | 56.17 | 165.32 | 221.49 | OK | |
r-devel-linux-x86_64-debian-gcc | 0.99.16 | 39.66 | 125.08 | 164.74 | OK | |
r-devel-linux-x86_64-fedora-clang | 0.99.16 | 288.70 | NOTE | |||
r-devel-linux-x86_64-fedora-gcc | 0.99.16 | 263.08 | OK | |||
r-devel-windows-ix86+x86_64 | 0.99.16 | 276.00 | 276.00 | 552.00 | NOTE | |
r-patched-linux-x86_64 | 0.99.16 | OK | ||||
r-patched-solaris-x86 | 0.99.16 | 239.20 | WARN | |||
r-release-linux-x86_64 | 0.99.16 | 47.68 | 154.95 | 202.63 | OK | |
r-release-windows-ix86+x86_64 | 0.99.16 | 193.00 | 265.00 | 458.00 | NOTE | |
r-release-osx-x86_64 | 0.99.16 | WARN | ||||
r-oldrel-windows-ix86+x86_64 | 0.99.16 | 205.00 | 288.00 | 493.00 | NOTE | |
r-oldrel-osx-x86_64 | 0.99.16 | WARN |
Version: 0.99.16
Check: installed package size
Result: NOTE
installed size is 10.2Mb
sub-directories of 1Mb or more:
doc 3.9Mb
fonts 1.5Mb
libs 2.5Mb
Flavors: r-devel-linux-x86_64-fedora-clang, r-devel-windows-ix86+x86_64, r-patched-solaris-x86, r-release-windows-ix86+x86_64, r-release-osx-x86_64, r-oldrel-windows-ix86+x86_64, r-oldrel-osx-x86_64
Version: 0.99.16
Check: re-building of vignette outputs
Result: WARN
Error in re-building vignettes:
...
Warning in engine$weave(file, quiet = quiet, encoding = enc) :
Pandoc (>= 1.12.3) and/or pandoc-citeproc not available. Falling back to R Markdown v1.
Quitting from lines 17-19 (WebGL.Rmd)
Error: processing vignette 'WebGL.Rmd' failed with diagnostics:
These vignettes assume pandoc version 1.14; older versions may not work.
Execution halted
Flavors: r-patched-solaris-x86, r-release-osx-x86_64, r-oldrel-osx-x86_64