CRAN Package Check Results for Package rgl

Last updated on 2019-04-24 02:48:52 CEST.

Flavor Version Tinstall Tcheck Ttotal Status Flags
r-devel-linux-x86_64-debian-clang 0.100.19 57.70 184.78 242.48 OK
r-devel-linux-x86_64-debian-gcc 0.100.19 43.72 137.44 181.16 OK
r-devel-linux-x86_64-fedora-clang 0.100.19 309.79 NOTE
r-devel-linux-x86_64-fedora-gcc 0.100.19 289.80 OK
r-devel-windows-ix86+x86_64 0.100.19 286.00 234.00 520.00 NOTE
r-patched-linux-x86_64 0.100.19 51.29 182.99 234.28 OK
r-patched-solaris-x86 0.100.19 311.60 WARN
r-release-linux-x86_64 0.100.19 54.97 177.40 232.37 OK
r-release-windows-ix86+x86_64 0.100.19 186.00 297.00 483.00 NOTE
r-release-osx-x86_64 0.100.19 WARN
r-oldrel-windows-ix86+x86_64 0.100.19 283.00 331.00 614.00 NOTE
r-oldrel-osx-x86_64 0.100.19 WARN

Check Details

Version: 0.100.19
Check: installed package size
Result: NOTE
     installed size is 10.0Mb
     sub-directories of 1Mb or more:
     doc 3.6Mb
     fonts 1.5Mb
     libs 2.5Mb
Flavors: r-devel-linux-x86_64-fedora-clang, r-devel-windows-ix86+x86_64, r-patched-solaris-x86, r-release-windows-ix86+x86_64, r-release-osx-x86_64, r-oldrel-windows-ix86+x86_64, r-oldrel-osx-x86_64

Version: 0.100.19
Check: whether package can be installed
Result: NOTE
    Found the following notes/warnings:
     Non-staged installation was used
Flavor: r-devel-windows-ix86+x86_64

Version: 0.100.19
Check: re-building of vignette outputs
Result: WARN
    Error(s) in re-building vignettes:
     ...
    --- re-building ‘WebGL.Rmd’ using rmarkdown
    Warning in engine$weave(file, quiet = quiet, encoding = enc) :
     Pandoc (>= 1.12.3) and/or pandoc-citeproc not available. Falling back to R Markdown v1.
    Quitting from lines 17-19 (WebGL.Rmd)
    Error: processing vignette 'WebGL.Rmd' failed with diagnostics:
    These vignettes assume pandoc version 1.14; older versions may not work.
    --- failed re-building ‘WebGL.Rmd’
    
    --- re-building ‘legacyWebGL.Rmd’ using rmarkdown
    Warning in engine$weave(file, quiet = quiet, encoding = enc) :
     Pandoc (>= 1.12.3) and/or pandoc-citeproc not available. Falling back to R Markdown v1.
    Quitting from lines 17-19 (legacyWebGL.Rmd)
    Error: processing vignette 'legacyWebGL.Rmd' failed with diagnostics:
    These vignettes assume pandoc version 1.14; older versions may not work.
    --- failed re-building ‘legacyWebGL.Rmd’
    
    --- re-building ‘rgl.Rmd’ using rmarkdown
    Warning in engine$weave(file, quiet = quiet, encoding = enc) :
     Pandoc (>= 1.12.3) and/or pandoc-citeproc not available. Falling back to R Markdown v1.
    Quitting from lines 16-19 (rgl.Rmd)
    Error: processing vignette 'rgl.Rmd' failed with diagnostics:
    These vignettes assume pandoc version 1.14; older versions may not work.
    --- failed re-building ‘rgl.Rmd’
    
    SUMMARY: processing the following files failed:
     ‘WebGL.Rmd’ ‘legacyWebGL.Rmd’ ‘rgl.Rmd’
    
    Error: Vignette re-building failed.
    Execution halted
Flavor: r-patched-solaris-x86

Version: 0.100.19
Check: re-building of vignette outputs
Result: WARN
    Error in re-building vignettes:
     ...
    Warning in engine$weave(file, quiet = quiet, encoding = enc) :
     Pandoc (>= 1.12.3) and/or pandoc-citeproc not available. Falling back to R Markdown v1.
    Quitting from lines 17-19 (WebGL.Rmd)
    Error: processing vignette 'WebGL.Rmd' failed with diagnostics:
    These vignettes assume pandoc version 1.14; older versions may not work.
    Execution halted
Flavors: r-release-osx-x86_64, r-oldrel-osx-x86_64