CRAN Package Check Results for Package rgl

Last updated on 2019-10-13 23:47:30 CEST.

Flavor Version Tinstall Tcheck Ttotal Status Flags
r-devel-linux-x86_64-debian-clang 0.100.30 72.14 189.93 262.07 WARN
r-devel-linux-x86_64-debian-gcc 0.100.30 43.85 139.36 183.21 WARN
r-devel-linux-x86_64-fedora-clang 0.100.30 347.04 WARN
r-devel-linux-x86_64-fedora-gcc 0.100.30 316.50 WARN
r-devel-windows-ix86+x86_64 0.100.30 257.00 267.00 524.00 NOTE
r-patched-linux-x86_64 0.100.30 50.57 183.82 234.39 OK
r-patched-solaris-x86 0.100.30 309.60 WARN
r-release-linux-x86_64 0.100.30 51.77 186.62 238.39 OK
r-release-windows-ix86+x86_64 0.100.30 353.00 341.00 694.00 NOTE
r-release-osx-x86_64 0.100.30 WARN
r-oldrel-windows-ix86+x86_64 0.100.30 211.00 228.00 439.00 NOTE
r-oldrel-osx-x86_64 0.100.30 WARN

Check Details

Version: 0.100.30
Check: whether package can be installed
Result: WARN
    Found the following significant warnings:
     'config' variable 'CPP' is deprecated
Flavors: r-devel-linux-x86_64-debian-clang, r-devel-linux-x86_64-debian-gcc, r-devel-linux-x86_64-fedora-clang, r-devel-linux-x86_64-fedora-gcc

Version: 0.100.30
Check: installed package size
Result: NOTE
     installed size is 10.1Mb
     sub-directories of 1Mb or more:
     doc 3.6Mb
     fonts 1.5Mb
     libs 2.6Mb
Flavors: r-devel-linux-x86_64-fedora-clang, r-devel-windows-ix86+x86_64, r-patched-solaris-x86, r-release-windows-ix86+x86_64, r-release-osx-x86_64, r-oldrel-windows-ix86+x86_64, r-oldrel-osx-x86_64

Version: 0.100.30
Check: re-building of vignette outputs
Result: WARN
    Error(s) in re-building vignettes:
     ...
    --- re-building ‘WebGL.Rmd’ using rmarkdown
    Warning in engine$weave(file, quiet = quiet, encoding = enc) :
     Pandoc (>= 1.12.3) and/or pandoc-citeproc not available. Falling back to R Markdown v1.
    Quitting from lines 17-19 (WebGL.Rmd)
    Error: processing vignette 'WebGL.Rmd' failed with diagnostics:
    These vignettes assume pandoc version 1.14; older versions may not work.
    --- failed re-building ‘WebGL.Rmd’
    
    --- re-building ‘legacyWebGL.Rmd’ using rmarkdown
    Warning in engine$weave(file, quiet = quiet, encoding = enc) :
     Pandoc (>= 1.12.3) and/or pandoc-citeproc not available. Falling back to R Markdown v1.
    Quitting from lines 17-19 (legacyWebGL.Rmd)
    Error: processing vignette 'legacyWebGL.Rmd' failed with diagnostics:
    These vignettes assume pandoc version 1.14; older versions may not work.
    --- failed re-building ‘legacyWebGL.Rmd’
    
    --- re-building ‘rgl.Rmd’ using rmarkdown
    Warning in engine$weave(file, quiet = quiet, encoding = enc) :
     Pandoc (>= 1.12.3) and/or pandoc-citeproc not available. Falling back to R Markdown v1.
    Quitting from lines 16-19 (rgl.Rmd)
    Error: processing vignette 'rgl.Rmd' failed with diagnostics:
    These vignettes assume pandoc version 1.14; older versions may not work.
    --- failed re-building ‘rgl.Rmd’
    
    SUMMARY: processing the following files failed:
     ‘WebGL.Rmd’ ‘legacyWebGL.Rmd’ ‘rgl.Rmd’
    
    Error: Vignette re-building failed.
    Execution halted
Flavor: r-patched-solaris-x86

Version: 0.100.30
Check: whether package can be installed
Result: WARN
    Found the following significant warnings:
     Warning: 'rgl_init' failed, running with rgl.useNULL = TRUE
Flavors: r-release-osx-x86_64, r-oldrel-osx-x86_64

Version: 0.100.30
Check: whether the namespace can be loaded with stated dependencies
Result: NOTE
    No protocol specified
    Warning in rgl.init(initValue, onlyNULL) :
     RGL: unable to open X11 display
    Warning: 'rgl_init' failed, running with rgl.useNULL = TRUE
    
    A namespace must be able to be loaded with just the base namespace
    loaded: otherwise if the namespace gets loaded by a saved object, the
    session will be unable to start.
    
    Probably some imports need to be declared in the NAMESPACE file.
Flavors: r-release-osx-x86_64, r-oldrel-osx-x86_64

Version: 0.100.30
Check: dependencies in R code
Result: NOTE
    No protocol specified
Flavors: r-release-osx-x86_64, r-oldrel-osx-x86_64

Version: 0.100.30
Check: S3 generic/method consistency
Result: WARN
    No protocol specified
    See section ‘Generic functions and methods’ in the ‘Writing R
    Extensions’ manual.
Flavors: r-release-osx-x86_64, r-oldrel-osx-x86_64

Version: 0.100.30
Check: replacement functions
Result: WARN
    No protocol specified
    The argument of a replacement function which corresponds to the right
    hand side must be named ‘value’.
Flavors: r-release-osx-x86_64, r-oldrel-osx-x86_64

Version: 0.100.30
Check: foreign function calls
Result: NOTE
    No protocol specified
    See chapter ‘System and foreign language interfaces’ in the ‘Writing R
    Extensions’ manual.
Flavors: r-release-osx-x86_64, r-oldrel-osx-x86_64

Version: 0.100.30
Check: R code for possible problems
Result: NOTE
    No protocol specified
Flavors: r-release-osx-x86_64, r-oldrel-osx-x86_64

Version: 0.100.30
Check: for missing documentation entries
Result: WARN
    No protocol specified
    All user-level objects in a package should have documentation entries.
    See chapter ‘Writing R documentation files’ in the ‘Writing R
    Extensions’ manual.
Flavors: r-release-osx-x86_64, r-oldrel-osx-x86_64

Version: 0.100.30
Check: for code/documentation mismatches
Result: WARN
    No protocol specified
    No protocol specified
    No protocol specified
Flavors: r-release-osx-x86_64, r-oldrel-osx-x86_64

Version: 0.100.30
Check: Rd \usage sections
Result: NOTE
    No protocol specified
    The \usage entries for S3 methods should use the \method markup and not
    their full name.
    See chapter ‘Writing R documentation files’ in the ‘Writing R
    Extensions’ manual.
Flavors: r-release-osx-x86_64, r-oldrel-osx-x86_64

Version: 0.100.30
Check: re-building of vignette outputs
Result: WARN
    Error(s) in re-building vignettes:
    --- re-building ‘WebGL.Rmd’ using rmarkdown
    Warning in engine$weave(file, quiet = quiet, encoding = enc) :
     Pandoc (>= 1.12.3) and/or pandoc-citeproc not available. Falling back to R Markdown v1.
    Quitting from lines 17-19 (WebGL.Rmd)
    Error: processing vignette 'WebGL.Rmd' failed with diagnostics:
    These vignettes assume pandoc version 1.14; older versions may not work.
    --- failed re-building ‘WebGL.Rmd’
    
    --- re-building ‘legacyWebGL.Rmd’ using rmarkdown
    Warning in engine$weave(file, quiet = quiet, encoding = enc) :
     Pandoc (>= 1.12.3) and/or pandoc-citeproc not available. Falling back to R Markdown v1.
    Quitting from lines 17-19 (legacyWebGL.Rmd)
    Error: processing vignette 'legacyWebGL.Rmd' failed with diagnostics:
    These vignettes assume pandoc version 1.14; older versions may not work.
    --- failed re-building ‘legacyWebGL.Rmd’
    
    --- re-building ‘rgl.Rmd’ using rmarkdown
    Warning in engine$weave(file, quiet = quiet, encoding = enc) :
     Pandoc (>= 1.12.3) and/or pandoc-citeproc not available. Falling back to R Markdown v1.
    Quitting from lines 16-19 (rgl.Rmd)
    Error: processing vignette 'rgl.Rmd' failed with diagnostics:
    These vignettes assume pandoc version 1.14; older versions may not work.
    --- failed re-building ‘rgl.Rmd’
    
    SUMMARY: processing the following files failed:
     ‘WebGL.Rmd’ ‘legacyWebGL.Rmd’ ‘rgl.Rmd’
    
    Error: Vignette re-building failed.
    Execution halted
Flavor: r-release-osx-x86_64

Version: 0.100.30
Check: re-building of vignette outputs
Result: WARN
    Error in re-building vignettes:
     ...
    Warning in engine$weave(file, quiet = quiet, encoding = enc) :
     Pandoc (>= 1.12.3) and/or pandoc-citeproc not available. Falling back to R Markdown v1.
    Quitting from lines 17-19 (WebGL.Rmd)
    Error: processing vignette 'WebGL.Rmd' failed with diagnostics:
    These vignettes assume pandoc version 1.14; older versions may not work.
    Execution halted
Flavor: r-oldrel-osx-x86_64