CRAN Package Check Results for Package rgeos

Last updated on 2020-10-24 23:47:33 CEST.

Flavor Version Tinstall Tcheck Ttotal Status Flags
r-devel-linux-x86_64-debian-clang 0.5-5 16.53 65.39 81.92 OK
r-devel-linux-x86_64-debian-gcc 0.5-5 13.08 49.44 62.52 OK
r-devel-linux-x86_64-fedora-clang 0.5-5 105.29 OK
r-devel-linux-x86_64-fedora-gcc 0.5-5 96.17 OK
r-devel-windows-ix86+x86_64 0.5-5 59.00 154.00 213.00 NOTE
r-patched-linux-x86_64 0.5-5 15.26 61.44 76.70 OK
r-patched-solaris-x86 0.5-5 121.20 OK
r-release-linux-x86_64 0.5-5 15.30 61.37 76.67 OK
r-release-macos-x86_64 0.5-5 NOTE
r-release-windows-ix86+x86_64 0.5-5 47.00 118.00 165.00 NOTE
r-oldrel-macos-x86_64 0.5-5 NOTE
r-oldrel-windows-ix86+x86_64 0.5-5 54.00 141.00 195.00 OK

Check Details

Version: 0.5-5
Check: installed package size
Result: NOTE
     installed size is 5.1Mb
     sub-directories of 1Mb or more:
     libs 4.2Mb
Flavors: r-devel-windows-ix86+x86_64, r-release-macos-x86_64, r-release-windows-ix86+x86_64, r-oldrel-macos-x86_64