Last updated on 2022-06-30 23:52:23 CEST.
Flavor | Version | Tinstall | Tcheck | Ttotal | Status | Flags |
---|---|---|---|---|---|---|
r-devel-linux-x86_64-debian-clang | 1.1.3 | 27.34 | 153.79 | 181.13 | OK | |
r-devel-linux-x86_64-debian-gcc | 1.1.3 | 23.26 | 117.27 | 140.53 | OK | |
r-devel-linux-x86_64-fedora-clang | 1.1.3 | 226.57 | NOTE | |||
r-devel-linux-x86_64-fedora-gcc | 1.1.3 | 227.00 | NOTE | |||
r-devel-windows-x86_64 | 1.1.3 | 73.00 | 222.00 | 295.00 | NOTE | |
r-patched-linux-x86_64 | 1.1.3 | 32.77 | 150.33 | 183.10 | OK | |
r-release-linux-x86_64 | 1.1.3 | 21.54 | 148.63 | 170.17 | OK | |
r-release-macos-arm64 | 1.1.3 | 63.00 | NOTE | |||
r-release-macos-x86_64 | 1.1.3 | 119.00 | NOTE | |||
r-release-windows-x86_64 | 1.1.3 | 64.00 | 218.00 | 282.00 | NOTE | |
r-oldrel-macos-arm64 | 1.1.3 | 65.00 | NOTE | |||
r-oldrel-macos-x86_64 | 1.1.3 | 123.00 | NOTE | |||
r-oldrel-windows-ix86+x86_64 | 1.1.3 | 46.00 | 202.00 | 248.00 | NOTE |
Version: 1.1.3
Check: installed package size
Result: NOTE
installed size is 8.4Mb
sub-directories of 1Mb or more:
doc 7.0Mb
Flavors: r-devel-linux-x86_64-fedora-clang, r-devel-windows-x86_64, r-release-macos-arm64, r-release-macos-x86_64, r-release-windows-x86_64, r-oldrel-macos-arm64, r-oldrel-macos-x86_64, r-oldrel-windows-ix86+x86_64
Version: 1.1.3
Check: dependencies in R code
Result: NOTE
Namespace in Imports field not imported from: ‘R6’
All declared Imports should be used.
Flavors: r-devel-linux-x86_64-fedora-clang, r-devel-linux-x86_64-fedora-gcc, r-release-macos-arm64, r-release-macos-x86_64, r-oldrel-macos-arm64, r-oldrel-macos-x86_64