CRAN Package Check Results for Package rgdax

Last updated on 2021-04-21 23:48:14 CEST.

Flavor Version Tinstall Tcheck Ttotal Status Flags
r-devel-linux-x86_64-debian-clang 1.0.0 3.43 33.28 36.71 NOTE
r-devel-linux-x86_64-debian-gcc 1.0.0 2.51 26.08 28.59 NOTE
r-devel-linux-x86_64-fedora-clang 1.0.0 53.50 NOTE
r-devel-linux-x86_64-fedora-gcc 1.0.0 43.32 NOTE
r-devel-windows-ix86+x86_64 1.0.0 7.00 52.00 59.00 NOTE
r-devel-windows-x86_64-gcc10-UCRT 1.0.0 NOTE
r-patched-linux-x86_64 1.0.0 3.76 31.37 35.13 OK
r-patched-solaris-x86 1.0.0 67.90 OK
r-release-linux-x86_64 1.0.0 3.05 31.84 34.89 OK
r-release-macos-x86_64 1.0.0 OK
r-release-windows-ix86+x86_64 1.0.0 8.00 55.00 63.00 OK
r-oldrel-macos-x86_64 1.0.0 OK
r-oldrel-windows-ix86+x86_64 1.0.0 25.00 51.00 76.00 OK

Check Details

Version: 1.0.0
Check: LazyData
Result: NOTE
     'LazyData' is specified without a 'data' directory
Flavors: r-devel-linux-x86_64-debian-clang, r-devel-linux-x86_64-debian-gcc, r-devel-linux-x86_64-fedora-clang, r-devel-linux-x86_64-fedora-gcc, r-devel-windows-ix86+x86_64, r-devel-windows-x86_64-gcc10-UCRT