CRAN Package Check Results for Package rgdal

Last updated on 2020-11-23 23:50:46 CET.

Flavor Version Tinstall Tcheck Ttotal Status Flags
r-devel-linux-x86_64-debian-clang 1.5-18 57.42 133.83 191.25 OK
r-devel-linux-x86_64-debian-gcc 1.5-18 45.44 104.94 150.38 OK
r-devel-linux-x86_64-fedora-clang 1.5-18 227.91 NOTE
r-devel-linux-x86_64-fedora-gcc 1.5-18 216.28 OK
r-devel-windows-ix86+x86_64 1.5-18 133.00 495.00 628.00 NOTE
r-patched-linux-x86_64 1.5-18 67.96 134.66 202.62 OK
r-patched-solaris-x86 1.5-18 225.80 NOTE
r-release-linux-x86_64 1.5-18 57.53 130.15 187.68 OK
r-release-macos-x86_64 1.5-18 NOTE
r-release-windows-ix86+x86_64 1.5-18 112.00 573.00 685.00 NOTE
r-oldrel-macos-x86_64 1.5-18 NOTE
r-oldrel-windows-ix86+x86_64 1.5-18 105.00 630.00 735.00 NOTE

Check Details

Version: 1.5-18
Check: installed package size
Result: NOTE
     installed size is 7.9Mb
     sub-directories of 1Mb or more:
     doc 3.4Mb
     pictures 1.3Mb
Flavors: r-devel-linux-x86_64-fedora-clang, r-devel-windows-ix86+x86_64, r-patched-solaris-x86, r-release-macos-x86_64, r-release-windows-ix86+x86_64, r-oldrel-macos-x86_64, r-oldrel-windows-ix86+x86_64