CRAN Package Check Results for Package rflexscan

Last updated on 2023-01-26 23:56:01 CET.

Flavor Version Tinstall Tcheck Ttotal Status Flags
r-devel-linux-x86_64-debian-clang 1.0.0 24.77 43.61 68.38 OK
r-devel-linux-x86_64-debian-gcc 1.0.0 18.64 34.34 52.98 OK
r-devel-linux-x86_64-fedora-clang 1.0.0 94.73 NOTE
r-devel-linux-x86_64-fedora-gcc 1.0.0 93.33 NOTE
r-patched-linux-x86_64 1.0.0 23.16 43.89 67.05 OK
r-release-linux-x86_64 1.0.0 18.09 43.75 61.84 OK
r-release-macos-arm64 1.0.0 32.00 NOTE
r-release-macos-x86_64 1.0.0 41.00 NOTE
r-release-windows-x86_64 1.0.0 27.00 96.00 123.00 OK
r-oldrel-macos-arm64 1.0.0 53.00 NOTE
r-oldrel-macos-x86_64 1.0.0 42.00 NOTE
r-oldrel-windows-ix86+x86_64 1.0.0 59.00 99.00 158.00 OK

Check Details

Version: 1.0.0
Check: dependencies in R code
Result: NOTE
    Namespace in Imports field not imported from: ‘rgdal’
     All declared Imports should be used.
Flavors: r-devel-linux-x86_64-fedora-clang, r-devel-linux-x86_64-fedora-gcc, r-release-macos-arm64, r-release-macos-x86_64, r-oldrel-macos-arm64, r-oldrel-macos-x86_64