CRAN Package Check Results for Package rfVarImpOOB

Last updated on 2022-12-01 23:51:53 CET.

Flavor Version Tinstall Tcheck Ttotal Status Flags
r-devel-linux-x86_64-debian-clang 1.0.3 12.51 158.64 171.15 OK
r-devel-linux-x86_64-debian-gcc 1.0.3 10.21 115.97 126.18 OK
r-devel-linux-x86_64-fedora-clang 1.0.3 218.65 NOTE
r-devel-linux-x86_64-fedora-gcc 1.0.3 207.53 NOTE
r-devel-windows-x86_64 1.0.3 26.00 195.00 221.00 OK
r-patched-linux-x86_64 1.0.3 11.63 149.41 161.04 OK
r-release-linux-x86_64 1.0.3 13.13 150.44 163.57 OK
r-release-macos-arm64 1.0.3 48.00 NOTE
r-release-macos-x86_64 1.0.3 77.00 NOTE
r-release-windows-x86_64 1.0.3 33.00 196.00 229.00 OK
r-oldrel-macos-arm64 1.0.3 50.00 NOTE
r-oldrel-macos-x86_64 1.0.3 72.00 NOTE
r-oldrel-windows-ix86+x86_64 1.0.3 30.00 172.00 202.00 OK

Check Details

Version: 1.0.3
Check: dependencies in R code
Result: NOTE
    Namespace in Imports field not imported from: ‘titanic’
     All declared Imports should be used.
Flavors: r-devel-linux-x86_64-fedora-clang, r-devel-linux-x86_64-fedora-gcc, r-release-macos-arm64, r-release-macos-x86_64, r-oldrel-macos-arm64, r-oldrel-macos-x86_64