Last updated on 2022-07-05 23:55:50 CEST.
Flavor | Version | Tinstall | Tcheck | Ttotal | Status | Flags |
---|---|---|---|---|---|---|
r-devel-linux-x86_64-debian-clang | 1.4.9 | 64.86 | 397.09 | 461.95 | NOTE | |
r-devel-linux-x86_64-debian-gcc | 1.4.9 | 50.37 | 276.38 | 326.75 | NOTE | |
r-devel-linux-x86_64-fedora-clang | 1.4.9 | 546.05 | NOTE | |||
r-devel-linux-x86_64-fedora-gcc | 1.4.9 | 554.88 | NOTE | |||
r-devel-windows-x86_64 | 1.4.9 | 107.00 | 590.00 | 697.00 | OK | |
r-patched-linux-x86_64 | 1.4.9 | 53.30 | 366.49 | 419.79 | NOTE | |
r-release-linux-x86_64 | 1.4.9 | 39.80 | 368.96 | 408.76 | NOTE | |
r-release-macos-arm64 | 1.4.9 | 152.00 | NOTE | |||
r-release-macos-x86_64 | 1.4.9 | 259.00 | NOTE | |||
r-release-windows-x86_64 | 1.4.9 | 96.00 | 606.00 | 702.00 | OK | |
r-oldrel-macos-arm64 | 1.4.9 | 150.00 | NOTE | |||
r-oldrel-macos-x86_64 | 1.4.9 | 255.00 | NOTE | |||
r-oldrel-windows-ix86+x86_64 | 1.4.9 | 136.00 | 766.00 | 902.00 | OK |
Version: 1.4.9
Check: package dependencies
Result: NOTE
Package suggested but not available for checking: 'evdbayes'
Flavors: r-devel-linux-x86_64-debian-clang, r-devel-linux-x86_64-debian-gcc, r-devel-linux-x86_64-fedora-clang, r-devel-linux-x86_64-fedora-gcc, r-patched-linux-x86_64, r-release-linux-x86_64
Version: 1.4.9
Check: installed package size
Result: NOTE
installed size is 5.6Mb
sub-directories of 1Mb or more:
libs 4.3Mb
Flavors: r-release-macos-arm64, r-release-macos-x86_64, r-oldrel-macos-arm64, r-oldrel-macos-x86_64